636
CXUS54 KMEG 020144
CLMMEG


CLIMATE REPORT
NATIONAL WEATHER SERVICE MEMPHIS TN
742 PM CST SUN NOV 1 2020

...................................

...THE MEMPHIS/GERMANTOWN WFO CLIMATE SUMMARY FOR THE MONTH OF OCTOBER 2020...

CLIMATE NORMAL PERIOD 1981 TO 2010
CLIMATE RECORD PERIOD 1988 TO 2020

WEATHER         OBSERVED          NORMAL  DEPART  LAST YEAR`S
                 VALUE   DATE(S)  VALUE   FROM    VALUE  DATE(S)
                                          NORMAL
................................................................
TEMPERATURE (F)
RECORD
 HIGH              98   10/03/2019
 LOW               29   10/29/2017
                        10/28/2001
                        10/22/1987
HIGHEST            87   10/21        MM      MM       98  10/03
LOWEST             37   10/31        MM      MM       31  10/31
                        10/30
AVG. MAXIMUM     72.5              74.0    -1.5     74.1
AVG. MINIMUM     50.7              49.5     1.2     51.6
MEAN             61.6              61.7    -0.1     62.8
DAYS MAX >= 90      0               0.3    -0.3        4
DAYS MAX <= 32      0               0.0     0.0        0
DAYS MIN <= 32      0               0.5    -0.5        1
DAYS MIN <= 0       0               0.0     0.0        0

PRECIPITATION (INCHES)
RECORD
 MAXIMUM           MM   MM
 MINIMUM           MM   MM
TOTALS           4.76              4.30    0.46    13.90
DAILY AVG.       0.15              0.14    0.01     0.45
DAYS >= .01         8               7.4     0.6       11
DAYS >= .10         4               4.9    -0.9        9
DAYS >= .50         2               2.7    -0.7        7
DAYS >= 1.00        2               1.4     0.6        6
GREATEST
 24 HR. TOTAL    2.39   10/28 TO 10/28

SNOWFALL (INCHES)
RECORDS
 TOTAL             MM   5
TOTALS            0.0               0.0     0.0      0.0
SINCE 7/1         0.0               0.0     0.0      0.0
SNOWDEPTH AVG.      0                MM      MM        0
DAYS >= 1.0         0               0.0     0.0        0
GREATEST
 SNOW DEPTH         0   MM                             0  MM
 24 HR TOTAL      0.0   10/31 TO 10/31

DEGREE_DAYS
HEATING TOTAL     159               166      -7      165
 SINCE 7/1        173               184     -11      165
COOLING TOTAL      59                65      -6      105
 SINCE 1/1       1980              1917      63     2346
.................................................................



-  INDICATES NEGATIVE NUMBERS.
R  INDICATES RECORD WAS SET OR TIED.
MM INDICATES DATA IS MISSING.
T  INDICATES TRACE AMOUNT.

$$
