702
CXUS54 KJAN 011540
CLMMEI


CLIMATE REPORT
NATIONAL WEATHER SERVICE JACKSON MS
934 AM CST SUN NOV 1 2020

...................................

...THE MERIDIAN CLIMATE SUMMARY FOR THE MONTH OF OCTOBER 2020...

CLIMATE NORMAL PERIOD 1981 TO 2010
CLIMATE RECORD PERIOD 1889 TO 2020

WEATHER         OBSERVED          NORMAL  DEPART  LAST YEAR`S
                 VALUE   DATE(S)  VALUE   FROM    VALUE  DATE(S)
                                          NORMAL
................................................................
TEMPERATURE (F)
RECORD
 HIGH             102   10/03/2019
                        10/02/2019
                        07/29/1930
 LOW               24   10/30/1952
HIGHEST            90   10/12        89       1      102  10/03
                        10/07                             10/02
LOWEST             42   10/17        35       7       37  10/31
AVG. MAXIMUM     80.1              77.3     2.8     80.2
AVG. MINIMUM     56.0              51.0     5.0     58.5
MEAN             68.0              64.1     3.9     69.4
DAYS MAX >= 90      2               0.9     1.1        9
DAYS MAX <= 32      0               0.0     0.0        0
DAYS MIN <= 32      0               0.7    -0.7        0
DAYS MIN <= 0       0               0.0     0.0        0

PRECIPITATION (INCHES)
RECORD
 MAXIMUM        11.67   2019
 MINIMUM         0.00   1963
TOTALS           7.48              3.76    3.72    11.67
DAILY AVG.       0.24              0.12    0.12     0.38
DAYS >= .01         8               7.4     0.6       10
DAYS >= .10         6               4.9     1.1        8
DAYS >= .50         4               2.2     1.8        5
DAYS >= 1.00        2               1.1     0.9        3
GREATEST
 24 HR. TOTAL    3.51   10/28 TO 10/28              4.77

SNOWFALL (INCHES)
RECORDS
 TOTAL            0.0   MM
TOTALS            0.0               0.0     0.0      0.0
SINCE 7/1         0.0               0.0     0.0      0.0
DAYS >= TRACE       0
DAYS >= 1.0         0               0.0     0.0        0
GREATEST
 24 HR TOTAL      0.0   10/31 TO 10/31

DEGREE_DAYS
HEATING TOTAL      42               117     -75       70
 SINCE 7/1         43               124     -81       70
COOLING TOTAL     144                90      54      214
 SINCE 1/1       2489              2013     476     2846
.................................................................

WIND (MPH)
AVERAGE WIND SPEED              5.3
HIGHEST WIND SPEED/DIRECTION    32/330    DATE  10/28
HIGHEST GUST SPEED/DIRECTION    45/330    DATE  10/28

SKY COVER
POSSIBLE SUNSHINE (PERCENT)   MM
AVERAGE SKY COVER           0.30
NUMBER OF DAYS FAIR           19
NUMBER OF DAYS PC              6
NUMBER OF DAYS CLOUDY          6

AVERAGE RH (PERCENT)     72

WEATHER CONDITIONS. NUMBER OF DAYS WITH
THUNDERSTORM             2   MIXED PRECIP               0
HEAVY RAIN               6   RAIN                       6
LIGHT RAIN              10   FREEZING RAIN              0
LT FREEZING RAIN         0   HAIL                       0
HEAVY SNOW               0   SNOW                       0
LIGHT SNOW               0   SLEET                      0
FOG                     14   FOG W/VIS <= 1/4 MILE      1
HAZE                     2

-  INDICATES NEGATIVE NUMBERS.
R  INDICATES RECORD WAS SET OR TIED.
MM INDICATES DATA IS MISSING.
T  INDICATES TRACE AMOUNT.

$$
