000
CXUS51 KCLE 042002
CLMMFD

CLIMATE REPORT
NATIONAL WEATHER SERVICE CLEVELAND, OH
302 PM EST WED NOV 04 2020

...................................

...THE MANSFIELD OH CLIMATE SUMMARY FOR THE MONTH OF OCTOBER 2020...

CLIMATE NORMAL PERIOD 1981 TO 2010
CLIMATE RECORD PERIOD 1916 TO 2020

WEATHER         OBSERVED          NORMAL  DEPART   LAST YEAR`S
                VALUE   DATE(S)   VALUE   FROM     VALUE
                                          NORMAL
..............................................................
TEMPERATURE (F)
RECORD
 HIGH             90   10/01/2019
 LOW              20   10/30/1988
                       10/28/1976
HIGHEST           79   10/22
LOWEST            29   10/31
AVG. MAXIMUM    61.3               61.6    -0.3     67.1
AVG. MINIMUM    44.4               41.9     2.5     45.6
MEAN            52.9               51.7     1.2     56.3
DAYS MAX >= 90     0                0.0     0.0        1
DAYS MAX <= 32     0                0.1    -0.1        0
DAYS MIN <= 32     1                3.9    -2.9        0
DAYS MIN <= 0      0                0.0     0.0        0

PRECIPITATION (INCHES)
RECORD
 MAXIMUM        7.30   2012
 MINIMUM        0.43   1963
TOTALS          4.74               2.94    1.80     3.02
DAYS >= .01       14               10.6     3.4       10
DAYS >= .10       10                6.0     4.0        9
DAYS >= .50        3                2.0     1.0        3
DAYS >= 1.00       1                0.5     0.5        0
GREATEST
 24 HR. TOTAL   1.85   10/29 TO 10/29               1.18

SNOWFALL (INCHES)
RECORDS
 TOTAL          10.3   1993
TOTALS           0.0                0.5    -0.5        T
SINCE 7/1        0.0                0.5    -0.5        0
DAYS >= 1.0        0                0.1    -0.1        0
GREATEST
 24 HR TOTAL     0.0

DEGREE DAYS
HEATING TOTAL    373                418     -45      295
 SINCE 7/1       465                568    -103      422
COOLING TOTAL      6                  7      -1       35
 SINCE 1/1      1024                632     392       72
..............................................................

WIND (MPH)
AVERAGE WIND SPEED              8.2
HIGHEST WIND SPEED/DIRECTION    32/210    DATE  10/15
HIGHEST GUST SPEED/DIRECTION    43/200    DATE  10/15

SKY COVER
AVERAGE SKY COVER           0.57

AVERAGE RH (PERCENT)     77

WEATHER CONDITIONS. NUMBER OF DAYS WITH
THUNDERSTORM              5     MIXED PRECIP               0
HEAVY RAIN                4     RAIN                       5
LIGHT RAIN               16     FREEZING RAIN              0
LT FREEZING RAIN          0     HAIL                       0
HEAVY SNOW                0     SNOW                       0
LIGHT SNOW                0     SLEET                      0
FOG                      19     FOG W/VIS <= 1/4 MILE      3
HAZE                      1

-  INDICATES NEGATIVE NUMBERS.
R  INDICATES RECORD WAS SET OR TIED.
MM INDICATES DATA IS MISSING.
T  INDICATES TRACE AMOUNT.

$$
