000
CXUS44 KBRO 010837
CLMMFE


CLIMATE REPORT
NATIONAL WEATHER SERVICE BROWNSVILLE TX
232 AM CST SUN NOV 1 2020

...................................

...THE MCALLEN CLIMATE SUMMARY FOR THE MONTH OF OCTOBER 2020...

CLIMATE NORMAL PERIOD 1981 TO 2010
CLIMATE RECORD PERIOD 1961 TO 2020

WEATHER         OBSERVED          NORMAL  DEPART  LAST YEAR`S
                 VALUE   DATE(S)  VALUE   FROM    VALUE  DATE(S)
                                          NORMAL
................................................................
TEMPERATURE (F)
HIGHEST            97   10/12        95       2      100  10/11
                        10/10
LOWEST             45   10/30        52      -7       45  10/26
                        10/28
AVG. MAXIMUM     89.9              87.6     2.3
AVG. MINIMUM     66.6              66.8    -0.2
MEAN             78.6              77.2     1.4     79.2
DAYS MAX >= 90     22              11.9    10.1
DAYS MAX <= 32      0               0.0     0.0
DAYS MIN <= 32      0               0.0     0.0
DAYS MIN <= 0       0               0.0     0.0

PRECIPITATION (INCHES)
TOTALS           0.67              2.08   -1.41     1.76
DAILY AVG.       0.02              0.07   -0.05     0.06
DAYS >= .01         1               5.6    -4.6        9
DAYS >= .10         1               3.3    -2.3        5
DAYS >= .50         1               1.3    -0.3        1
DAYS >= 1.00        0               0.6    -0.6        0
GREATEST
 24 HR. TOTAL    0.67   10/16 TO 10/16

SNOWFALL (INCHES)
TOTALS            0.0               0.0     0.0      0.0
SINCE 7/1         0.0               0.0     0.0      0.0

DEGREE_DAYS
HEATING TOTAL      12                 5       7       12
 SINCE 7/1         12                 5       7       12
COOLING TOTAL     426               383      43      461
 SINCE 1/1       4694              4182     512     4858
.................................................................

WIND (MPH)
AVERAGE WIND SPEED              8.1
HIGHEST WIND SPEED/DIRECTION    26/310    DATE  10/28
HIGHEST GUST SPEED/DIRECTION    37/320    DATE  10/29

SKY COVER
POSSIBLE SUNSHINE (PERCENT)   MM
AVERAGE SKY COVER           0.30
NUMBER OF DAYS FAIR           23
NUMBER OF DAYS PC              6
NUMBER OF DAYS CLOUDY          2

AVERAGE RH (PERCENT)     63

WEATHER CONDITIONS. NUMBER OF DAYS WITH
THUNDERSTORM              1     MIXED PRECIP                0
HEAVY RAIN                1     RAIN                        0
LIGHT RAIN                3     FREEZING RAIN               0
LT FREEZING RAIN          0     HAIL                        0
HEAVY SNOW                0     SNOW                        0
LIGHT SNOW                0     SLEET                       0
FOG                      10     FOG W/VIS <= 1/4 MILE       0
HAZE                      7

-  INDICATES NEGATIVE NUMBERS.
R  INDICATES RECORD WAS SET OR TIED.
MM INDICATES DATA IS MISSING.
T  INDICATES TRACE AMOUNT.

$$
