000
CXUS54 KBMX 031804
CLMMGM

CLIMATE REPORT
NATIONAL WEATHER SERVICE BIRMINGHAM AL
1204 PM CST TUE NOV 03 2020

...................................

...THE MONTGOMERY CLIMATE SUMMARY FOR THE MONTH OF OCTOBER 2020...

CLIMATE NORMAL PERIOD 1981 TO 2010
CLIMATE RECORD PERIOD 1872 TO 2020

WEATHER         OBSERVED          NORMAL  DEPART   LAST YEAR`S
                VALUE   DATE(S)   VALUE   FROM     VALUE DATE(S)
                                          NORMAL
................................................................
TEMPERATURE (F)
RECORD
 HIGH            102   10/04/2019
                       10/03/2019
                       09/05/1925
 LOW              26   10/30/1952
HIGHEST           90   10/07         MM      MM      102  10/04
                                                          10/03
LOWEST            44   10/03         MM      MM       38  10/31
                       10/17
AVG. MAXIMUM    81.2               78.3     2.9     82.5
AVG. MINIMUM    59.4               53.5     5.9     60.2
MEAN            70.3                                71.3
DAYS MAX >= 90     1                1.0     0.0        7
DAYS MAX <= 32     0                0.0     0.0        0
DAYS MIN <= 32     0                0.2    -0.2        0
DAYS MIN <= 0      0                0.0     0.0        0

PRECIPITATION (INCHES)
RECORD
 MAXIMUM       10.29   1879
 MINIMUM        0.00   1904
TOTALS          2.44               2.92   -0.48     5.60
DAILY AVG.      0.08               0.09   -0.01     0.18
DAYS >= .01        4                6.7    -2.7       11
DAYS >= .10        3                4.1    -1.1        9
DAYS >= .50        2                2.4    -0.4        4
DAYS >= 1.00       1                0.9     0.1        2


DEGREE DAYS
HEATING TOTAL     28                 87     -59       39
 SINCE 7/1        31                 92     -61       39
COOLING TOTAL    201                115      86      242
 SINCE 1/1      2677               2245     432     2983
................................................................

WIND (MPH)
AVERAGE WIND SPEED              5.9
HIGHEST WIND SPEED/DIRECTION    41/190    DATE  10/29
HIGHEST GUST SPEED/DIRECTION    61/200    DATE  10/29

AVERAGE RH (PERCENT)     72

WEATHER CONDITIONS. NUMBER OF DAYS WITH
THUNDERSTORM              0     MIXED PRECIP               0
HEAVY RAIN                4     RAIN                       6
LIGHT RAIN                8     FREEZING RAIN              0
LT FREEZING RAIN          0     HAIL                       0
HEAVY SNOW                0     SNOW                       0
LIGHT SNOW                0     SLEET                      0
FOG                      16     FOG W/VIS <= 1/4 MILE      2
HAZE                      3

-  INDICATES NEGATIVE NUMBERS.
R  INDICATES RECORD WAS SET OR TIED.
MM INDICATES DATA IS MISSING.
T  INDICATES TRACE AMOUNT.

$$
