480
CXUS51 KPBZ 011315
CLMMGW

CLIMATE REPORT
NATIONAL WEATHER SERVICE PITTSBURGH PA
915 AM EDT TUE JUN 01 2021

...................................

...THE MORGANTOWN WV CLIMATE SUMMARY FOR THE MONTH OF MAY 2021...

CLIMATE NORMAL PERIOD 1991 TO 2020
CLIMATE RECORD PERIOD 1872 TO 2021

WEATHER         OBSERVED          NORMAL  DEPART   LAST YEAR`S
                VALUE   DATE(S)   VALUE   FROM     VALUE DATE(S)
                                          NORMAL
................................................................
TEMPERATURE (F)
RECORD
 HIGH             95   05/31/1919
                       05/14/1916
 LOW              25   05/10/1947
HIGHEST           89   05/25         87       2       89  05/26
LOWEST            32   05/12         35      -3       27  05/09
AVG. MAXIMUM    71.9               73.6    -1.7     69.2
AVG. MINIMUM    49.3               51.5    -2.2     49.6
MEAN            60.6               62.6    -2.0     59.4
DAYS MAX >= 90     0                0.5    -0.5        0
DAYS MAX <= 32     0                0.0     0.0        0
DAYS MIN <= 32     1                0.4     0.6        2
DAYS MIN <= 0      0                0.0     0.0        0

PRECIPITATION (INCHES)
RECORD
 MAXIMUM        9.84   1933
 MINIMUM        0.30   1920
TOTALS          3.79               4.33   -0.54     3.16
DAILY AVG.      0.12               0.14   -0.02     0.10
DAYS >= .01       12               14.7    -2.7       19
DAYS >= .10        8                9.5    -1.5        9
DAYS >= .50        3                2.9     0.1        2
DAYS >= 1.00       0                0.6    -0.6        0
GREATEST
 24 HR. TOTAL   1.18   05/04 TO 05/05               0.74


DEGREE DAYS
HEATING TOTAL    213                146      67      246
 SINCE 7/1      4729               4940    -211       MM
COOLING TOTAL     84                 70      14       79
 SINCE 1/1       101                 89      12       MM
................................................................

WIND (MPH)
AVERAGE WIND SPEED              3.8
HIGHEST WIND SPEED/DIRECTION    22/290    DATE  05/26
HIGHEST GUST SPEED/DIRECTION    37/310    DATE  05/26

AVERAGE RH (PERCENT)     64

WEATHER CONDITIONS. NUMBER OF DAYS WITH
THUNDERSTORM              3     MIXED PRECIP               0
HEAVY RAIN                4     RAIN                       8
LIGHT RAIN               14     FREEZING RAIN              0
LT FREEZING RAIN          0     HAIL                       0
HEAVY SNOW                0     SNOW                       0
LIGHT SNOW                0     SLEET                      0
FOG                      12     FOG W/VIS <= 1/4 MILE      1
HAZE                      4

-  INDICATES NEGATIVE NUMBERS.
R  INDICATES RECORD WAS SET OR TIED.
MM INDICATES DATA IS MISSING.
T  INDICATES TRACE AMOUNT.

$$
