000
CXUS51 KPBZ 011435
CLMMGW

CLIMATE REPORT
NATIONAL WEATHER SERVICE PITTSBURGH PA
935 AM EST SUN NOV 01 2020

...................................

...THE MORGANTOWN WV CLIMATE SUMMARY FOR THE MONTH OF OCTOBER 2020...

CLIMATE NORMAL PERIOD 1981 TO 2010
CLIMATE RECORD PERIOD 1872 TO 2020

WEATHER         OBSERVED          NORMAL  DEPART   LAST YEAR`S
                VALUE   DATE(S)   VALUE   FROM     VALUE DATE(S)
                                          NORMAL
................................................................
TEMPERATURE (F)
RECORD
 HIGH             94   10/16/1897
 LOW              15   10/30/1895
HIGHEST           82   10/22         81       1       91  10/01
                                                          10/02
                                                          10/03
LOWEST            30   10/31         29       1       33  10/19
AVG. MAXIMUM    65.9               64.7     1.2     70.8
AVG. MINIMUM    46.4               43.8     2.6     47.5
MEAN            56.2               54.2     2.0     59.1
DAYS MAX >= 90     0                0.0     0.0        3
DAYS MAX <= 32     0                0.0     0.0        0
DAYS MIN <= 32     2                2.8    -0.8        0
DAYS MIN <= 0      0                0.0     0.0        0

PRECIPITATION (INCHES)
RECORD
 MAXIMUM        9.13   1925
 MINIMUM        0.07   1924
TOTALS          3.59               2.78    0.81     3.79
DAILY AVG.      0.12               0.09    0.03     0.12
DAYS >= .01       14               10.6     3.4       11
DAYS >= .10        8                6.3     1.7        8
DAYS >= .50        1                1.9    -0.9        3
DAYS >= 1.00       1                0.4     0.6        0
GREATEST
 24 HR. TOTAL   1.68   10/29 TO 10/29               1.05


DEGREE DAYS
HEATING TOTAL    279                345     -66      220
 SINCE 7/1       349                442     -93       MM
COOLING TOTAL     15                 12       3       47
 SINCE 1/1      1134                813     321       MM
................................................................

WIND (MPH)
AVERAGE WIND SPEED              3.9
HIGHEST WIND SPEED/DIRECTION    20/230    DATE  10/15
HIGHEST GUST SPEED/DIRECTION    33/250    DATE  10/15

AVERAGE RH (PERCENT)     70

WEATHER CONDITIONS. NUMBER OF DAYS WITH
THUNDERSTORM              1     MIXED PRECIP               0
HEAVY RAIN                1     RAIN                       3
LIGHT RAIN               15     FREEZING RAIN              0
LT FREEZING RAIN          0     HAIL                       0
HEAVY SNOW                0     SNOW                       0
LIGHT SNOW                0     SLEET                      0
FOG                      19     FOG W/VIS <= 1/4 MILE      4
HAZE                      0

-  INDICATES NEGATIVE NUMBERS.
R  INDICATES RECORD WAS SET OR TIED.
MM INDICATES DATA IS MISSING.
T  INDICATES TRACE AMOUNT.

$$
