059
CXUS53 KTOP 011437
CLMMHK


CLIMATE REPORT
NATIONAL WEATHER SERVICE TOPEKA KS
837 AM CST SUN NOV 1 2020

...................................

...THE MANHATTAN KS CLIMATE SUMMARY FOR THE MONTH OF OCTOBER 2020...

CLIMATE NORMAL PERIOD 1981 TO 2010
CLIMATE RECORD PERIOD 9999 TO 9999

WEATHER         OBSERVED          NORMAL  DEPART  LAST YEAR`S
                 VALUE   DATE(S)  VALUE   FROM    VALUE
                                          NORMAL
.............................................................
TEMPERATURE (F)
HIGHEST            93   10/07                         91
LOWEST             24   10/26                         17
AVG. MAXIMUM     65.9              68.1    -2.2     63.7
AVG. MINIMUM     40.0              42.2    -2.2     39.0
MEAN             52.9              55.2    -2.3     51.3
DAYS MAX >= 90      1               0.3     0.7        1
DAYS MAX <= 32      1               0.0     1.0        0
DAYS MIN <= 32      9               5.5     3.5        9
DAYS MIN <= 0       0               0.0     0.0        0

PRECIPITATION (INCHES)
TOTALS           0.31              2.22   -1.91     2.86
DAILY AVG.       0.01                               0.09
DAYS >= .01         5                                 10
DAYS >= .10         1                                  6
DAYS >= .50         0                                  4
DAYS >= 1.00        0                                  0
GREATEST
 24 HR. TOTAL    0.18   10/22 TO 10/22              0.64

DEGREE_DAYS
HEATING TOTAL     402               329      73      432
 SINCE 7/1        470               399      71      433
COOLING TOTAL      36                24      12       15
 SINCE 1/1       1534              1361     173     1610
..............................................................

WIND (MPH)
AVERAGE WIND SPEED              6.9
HIGHEST WIND SPEED/DIRECTION    32/220    DATE  10/17
HIGHEST GUST SPEED/DIRECTION    49/210    DATE  10/17

SKY COVER
POSSIBLE SUNSHINE (PERCENT)   MM
AVERAGE SKY COVER           0.30
NUMBER OF DAYS FAIR           20
NUMBER OF DAYS PC              2
NUMBER OF DAYS CLOUDY          9

AVERAGE RH (PERCENT)     59


-  INDICATES NEGATIVE NUMBERS.
R  INDICATES RECORD WAS SET OR TIED.
MM INDICATES DATA IS MISSING.
T  INDICATES TRACE AMOUNT.

$$
