912
CXUS51 KGYX 032239
CLMMHT

PWMCLMMHT 000
TTAA00 KGYX 030158


CLIMATE REPORT
NATIONAL WEATHER SERVICE GRAY ME
539 PM EST TUE NOV 3 2020

...................................

...THE MANCHESTER CLIMATE SUMMARY FOR THE MONTH OF OCTOBER 2020...

CLIMATE NORMAL PERIOD 1981 TO 2010
CLIMATE RECORD PERIOD 1885 TO 2020

WEATHER         OBSERVED          NORMAL  DEPART  LAST YEAR`S
                 VALUE   DATE(S)  VALUE   FROM    VALUE
                                          NORMAL
.............................................................
TEMPERATURE (F)
HIGHEST            79   10/10        80      -1
LOWEST             21   10/31        27      -6
AVG. MAXIMUM     61.9              61.0     0.9
AVG. MINIMUM     43.3              40.6     2.7
MEAN             52.6              50.8     1.8
DAYS MAX >= 90      0               0.0     0.0
DAYS MAX <= 32      0               0.0     0.0
DAYS MIN <= 32      3               3.5    -0.5
DAYS MIN <= 0       0               0.0     0.0

PRECIPITATION (INCHES)
TOTALS           4.01              4.16   -0.15
DAILY AVG.       0.13              0.13    0.00
DAYS >= .01        10              10.2    -0.2
DAYS >= .10         7               6.3     0.7
DAYS >= .50         3               2.6     0.4
DAYS >= 1.00        1               0.9     0.1
GREATEST
 24 HR. TOTAL    1.10   10/13

SNOWFALL (INCHES)
TOTALS            2.5
SINCE 7/1         2.5
DAYS >= TRACE       1
DAYS >= 1.0         1
GREATEST
 SNOW DEPTH         3   10/30

DEGREE_DAYS
HEATING TOTAL     376               444     -68
 SINCE 7/1        455               587    -132      418
COOLING TOTAL       0                 4      -4
 SINCE 1/1       1084               642     442      844
..............................................................

WIND (MPH)
AVERAGE WIND SPEED              5.8
HIGHEST WIND SPEED/DIRECTION    31/260    DATE  10/07
HIGHEST GUST SPEED/DIRECTION    46/260    DATE  10/07

SKY COVER
AVERAGE SKY COVER           0.60

AVERAGE RH (PERCENT)     69


-  INDICATES NEGATIVE NUMBERS.
R  INDICATES RECORD WAS SET OR TIED.
MM INDICATES DATA IS MISSING.
T  INDICATES TRACE AMOUNT.

&&

AFTER A DRY SUMMER AND VERY DRY SEPTEMBER, OCTOBER BEGAN WITH A
SHIFT IN THE WEATHER PATTERN. WITH THE STORM TRACK CLOSER TO THE
AREA, MORE FREQUENT STORM SYSTEMS BROUGHT WELCOME RAINS AFTER A
SUMMER-LONG DROUGHT. A TOPSY TURVY TEMPERATURE TREND ALSO OCCURRED,
WHICH IS TYPICAL OF THE FREQUENT FRONTAL SYSTEMS THAT ACCOMPANY FALL
IN NEW ENGLAND. THE WARMEST TEMPERATURE WAS 79 ON THE 10TH. THE
FIRST FREEZE OF THE SEASON CAME ON THE 18TH. THE MOST SIGNIFICANT
RAINFALL CAME IN THE MIDDLE OF THE MONTH WHEN TWO STORM SYSTEMS
BROUGHT DRENCHING RAINS. THE FIRST BROUGHT AN INCH OF RAIN ON THE
13TH. THE SECOND BROUGHT MORE THAN AN INCH ON THE 16TH AND 17TH.
CONDITIONS TURNED MORE CONSISTENTLY COLD TOWARD THE END OF THE
MONTH. MANCHESTER EVEN RECORDED ITS FIRST SNOWFALL OF THE SEASON ON
THE 30TH WHEN 2.5 INCHES ACCUMULATED.

THE AVERAGE TEMPERATURE FOR THE MONTH WAS 50.8 DEGREES WHICH WAS 1.8
DEGREES ABOVE NORMAL. THE WARMEST OCTOBER WAS IN 2017 WHEN THE
AVERAGE TEMPERATURE WAS 59.6 DEGREES. THE COOLEST WAS 43.1 DEGREES
IN 1888.

A TOTAL OF 4.01 INCHES OF PRECIPITATION FELL WHICH WAS 0.15 INCHES
BELOW NORMAL. THIS INCLUDES A RARE 2.5 INCHES OF SNOWFALL ON THE
30TH. THE HEAVIEST PRECIPITATION FELL ON THE 16TH AND 17TH WHEN 1.40
INCHES WAS RECORDED. THE WETTEST OCTOBER WAS IN 2005 WHEN 12.47
INCHES FELL. THE DRIEST WAS IN 1949 WITH ONLY 0.38 INCHES.

HISTORICAL RECORDS AT MANCHESTER BEGAN IN 1885, BUT WITHIN THIS
RECORD THERE REMAIN NUMEROUS YEARS OF UNAVAILABLE DATA. DUE TO THIS,
HISTORICAL RECORDS SHOULD BE CONSIDERED INCOMPLETE AS SOME
SIGNIFICANT EXTREMES MAY BE MISSING FROM THE DATA. MORE CONSISTENT
MODERN RECORDS BEGAN IN 1998 AND CONTINUE TO THE PRESENT.

$$

KIMBLE
