182
CXUS52 KMFL 011513 CCA
CLMMIA

CLIMATE REPORT
NATIONAL WEATHER SERVICE MIAMI, FL
1000 AM EST SUN NOV 1 2020

...................................

...THE MIAMI CLIMATE SUMMARY FOR THE MONTH OF OCTOBER 2020...

CLIMATE NORMAL PERIOD 1981 TO 2010
CLIMATE RECORD PERIOD 1895 TO 2020

WEATHER         OBSERVED          NORMAL  DEPART  LAST YEAR`S
                 VALUE   DATE(S)  VALUE   FROM    VALUE
                                          NORMAL
.............................................................
TEMPERATURE (F)
RECORD
 HIGH              95   10/01/1980
 LOW               45   10/29/1938
HIGHEST            92   10/12                         92
LOWEST             72   10/21                         75
                        10/16
AVG. MAXIMUM     87.8              86.2     1.6     88.9
AVG. MINIMUM     76.5              73.5     3.0     78.0
MEAN             82.2              79.9     2.3     83.5
DAYS MAX >= 90      6                                 10
DAYS MAX <= 32      0                                  0
DAYS MIN <= 32      0                                  0
DAYS MIN <= 0       0                                  0

PRECIPITATION (INCHES)
RECORD
 MAXIMUM        27.86   1908
 MINIMUM         0.72   2002
TOTALS          11.86              6.33    5.53     3.93
DAILY AVG.       0.38              0.20    0.18
DAYS >= .01        21                                 18
DAYS >= .10        13                                  9
DAYS >= .50         7                                  2
DAYS >= 1.00        4                                  0
GREATEST
 24 HR. TOTAL    2.49   10/21 TO 10/21              0.95

DEGREE_DAYS
HEATING TOTAL       0                 0       0        0
 SINCE 7/1          0                 0       0        0
COOLING TOTAL     541               460      81      580
 SINCE 1/1       4828              4072     756     4671
..............................................................

WIND (MPH)
AVERAGE WIND SPEED              8.8
HIGHEST WIND SPEED/DIRECTION    31/100    DATE  10/19
HIGHEST GUST SPEED/DIRECTION    49/080    DATE  10/19

SKY COVER
POSSIBLE SUNSHINE (PERCENT)   MM
AVERAGE SKY COVER           0.70
NUMBER OF DAYS FAIR            1
NUMBER OF DAYS PC             21
NUMBER OF DAYS CLOUDY          9

AVERAGE RH (PERCENT)     77

WEATHER CONDITIONS. NUMBER OF DAYS WITH
THUNDERSTORM             10     MIXED PRECIP                0
HEAVY RAIN                6     RAIN                       11
LIGHT RAIN               18     FREEZING RAIN               0
LT FREEZING RAIN          0     HAIL                        0
HEAVY SNOW                0     SNOW                        0
LIGHT SNOW                0     SLEET                       0
FOG                      14     FOG W/VIS <= 1/4 MILE       0
HAZE                      3

-  INDICATES NEGATIVE NUMBERS.
R  INDICATES RECORD WAS SET OR TIED.
MM INDICATES DATA IS MISSING.
T  INDICATES TRACE AMOUNT.

$$
