949
CXUS53 KIND 011616
CLMMIE

CLIMATE REPORT
NATIONAL WEATHER SERVICE INDIANAPOLIS IN
1116 AM EST SUN NOV 01 2020

...................................

...THE MUNCIE IN CLIMATE SUMMARY FOR THE MONTH OF OCTOBER 2020...

CLIMATE NORMAL PERIOD 1981 TO 2010
CLIMATE RECORD PERIOD 9999 TO 9999

WEATHER         OBSERVED          NORMAL  DEPART   LAST YEAR`S
                VALUE   DATE(S)   VALUE   FROM     VALUE DATE(S)
                                          NORMAL
................................................................
TEMPERATURE (F)
HIGHEST           87   10/09                          93  10/02
                                                          10/01
LOWEST            31R  10/31                          32  10/31
                                                          10/18
AVG. MAXIMUM    66.1               64.4     1.7     69.0
AVG. MINIMUM    44.5               43.2     1.3     46.5
MEAN            55.3               53.8     1.5     57.8
DAYS MAX >= 90     0                0.0     0.0        2
DAYS MAX <= 32     0                0.0     0.0        0
DAYS MIN <= 32     3                3.4    -0.4        2
DAYS MIN <= 0      0                0.0     0.0        0

PRECIPITATION (INCHES)
TOTALS          4.74               2.92    1.82     2.54
DAILY AVG.      0.15               0.09    0.06     0.08
DAYS >= .01       13                9.4     3.6        8
DAYS >= .10        9                5.5     3.5        6
DAYS >= .50        3                2.2     0.8        2
DAYS >= 1.00       2                0.6     1.4        1
GREATEST
 24 HR. TOTAL   1.80   10/20 TO 10/21


DEGREE DAYS
HEATING TOTAL    311                363     -52      261
 SINCE 7/1       366                465     -99      264
COOLING TOTAL     17                 16       1       47
 SINCE 1/1      1210                955     255     1355
................................................................

WIND (MPH)
AVERAGE WIND SPEED              7.8
HIGHEST WIND SPEED/DIRECTION    29/310    DATE  10/12
HIGHEST GUST SPEED/DIRECTION    42/320    DATE  10/12

SKY COVER
POSSIBLE SUNSHINE (PERCENT)   MM
AVERAGE SKY COVER           0.49
NUMBER OF DAYS FAIR           14
NUMBER OF DAYS PC              6
NUMBER OF DAYS CLOUDY         11

AVERAGE RH (PERCENT)     65

WEATHER CONDITIONS. NUMBER OF DAYS WITH
THUNDERSTORM              4     MIXED PRECIP               0
HEAVY RAIN                3     RAIN                       9
LIGHT RAIN               17     FREEZING RAIN              0
LT FREEZING RAIN          0     HAIL                       0
HEAVY SNOW                0     SNOW                       0
LIGHT SNOW                0     SLEET                      0
FOG                      15     FOG W/VIS <= 1/4 MILE      3
HAZE                     12

-  INDICATES NEGATIVE NUMBERS.
R  INDICATES RECORD WAS SET OR TIED.
MM INDICATES DATA IS MISSING.
T  INDICATES TRACE AMOUNT.

$$
