000
CXUS53 KMKX 010757
CLMMKE


CLIMATE REPORT
NATIONAL WEATHER SERVICE IN MILWAUKEE
155 AM CST SUN NOV 1 2020

...................................

...THE MILWAUKEE WI CLIMATE SUMMARY FOR THE MONTH OF OCTOBER 2020...

CLIMATE NORMAL PERIOD 1981 TO 2010
CLIMATE RECORD PERIOD 1871 TO 2020

WEATHER         OBSERVED          NORMAL  DEPART  LAST YEAR`S
                 VALUE   DATE(S)  VALUE   FROM    VALUE  DATE(S)
                                          NORMAL
................................................................
TEMPERATURE (F)
RECORD
 HIGH              89   10/06/1963
 LOW               15   10/25/1887
HIGHEST            82   10/09        78       4       77  10/01
LOWEST             24   10/31        29      -5       25  10/31
AVG. MAXIMUM     57.5              59.3    -1.8     56.9
AVG. MINIMUM     40.1              43.2    -3.1     42.6
MEAN             48.8              51.3    -2.5     49.7
DAYS MAX >= 90      0               0.0     0.0        0
DAYS MAX <= 32      0               0.0     0.0        0
DAYS MIN <= 32      5               2.3     2.7        3
DAYS MIN <= 0       0               0.0     0.0        0

PRECIPITATION (INCHES)
RECORD
 MAXIMUM         7.15   1877
 MINIMUM         0.09   1924
TOTALS           3.00              2.65    0.35     6.51
DAILY AVG.       0.10              0.09    0.01     0.21
DAYS >= .01        10              10.0     0.0       16
DAYS >= .10         7               5.6     1.4       12
DAYS >= .50         2               1.8     0.2        4
DAYS >= 1.00        1               0.4     0.6        2
GREATEST
 24 HR. TOTAL    1.44   10/22 TO 10/22              1.72

SNOWFALL (INCHES)
RECORDS
TOTAL             6.3   2019
TOTALS            0.1               0.3    -0.2      6.1
SINCE 7/1         0.1               0.3    -0.2      6.1
SNOWDEPTH AVG.      0                MM      MM        0
DAYS >= 1.0         0               0.1    -0.1        1
GREATEST
 SNOW DEPTH         0   MM                             1  10/31
 24 HR TOTAL      0.1   10/26 TO 10/26               5.4

DEGREE_DAYS
HEATING TOTAL     498               433      65      467
 SINCE 7/1        601               585      16      491
COOLING TOTAL       2                 7      -5        2
 SINCE 1/1        933               641     292      727
.................................................................

WIND (MPH)
AVERAGE WIND SPEED              9.6
HIGHEST WIND SPEED/DIRECTION    31/200    DATE  10/17
HIGHEST GUST SPEED/DIRECTION    48/280    DATE  10/31

SKY COVER
POSSIBLE SUNSHINE (PERCENT)   MM
AVERAGE SKY COVER           0.60
NUMBER OF DAYS FAIR            7
NUMBER OF DAYS PC             12
NUMBER OF DAYS CLOUDY         12

AVERAGE RH (PERCENT)     64

WEATHER CONDITIONS. NUMBER OF DAYS WITH
  0
  6
  0
  0
  0
  0
  1
HAZE                      0

-  INDICATES NEGATIVE NUMBERS.
R  INDICATES RECORD WAS SET OR TIED.
MM INDICATES DATA IS MISSING.
T  INDICATES TRACE AMOUNT.

$$
