592
CXUS54 KMEG 020144
CLMMKL


CLIMATE REPORT
NATIONAL WEATHER SERVICE MEMPHIS TN
742 PM CST SUN NOV 1 2020

...................................

...THE JACKSON CLIMATE SUMMARY FOR THE MONTH OF OCTOBER 2020...

CLIMATE NORMAL PERIOD 1981 TO 2010
CLIMATE RECORD PERIOD 1948 TO 2020

WEATHER         OBSERVED          NORMAL  DEPART  LAST YEAR`S
                 VALUE   DATE(S)  VALUE   FROM    VALUE  DATE(S)
                                          NORMAL
................................................................
TEMPERATURE (F)
RECORD
 HIGH              96   10/03/2019
                        10/02/2019
                        10/01/1953
 LOW               25   10/29/1952
                        10/22/1952
HIGHEST            85   10/22        74      11       96  10/03
                                                          10/02
LOWEST             33   10/17        48     -15       29  10/31
AVG. MAXIMUM     71.9              73.2    -1.3     72.9
AVG. MINIMUM     47.8              47.8     0.0     49.5
MEAN             59.9              60.5    -0.6     61.2
DAYS MAX >= 90      0               0.2    -0.2        4
DAYS MAX <= 32      0               0.0     0.0        0
DAYS MIN <= 32      0               1.8    -1.8        1
DAYS MIN <= 0       0               0.0     0.0        0

PRECIPITATION (INCHES)
RECORD
 MAXIMUM         8.96   2019
 MINIMUM         0.00   1963
TOTALS           3.07              3.77   -0.70     8.96
DAILY AVG.       0.10              0.12   -0.02     0.29
DAYS >= .01         9               8.1     0.9       12
DAYS >= .10         4               5.3    -1.3       10
DAYS >= .50         2               2.6    -0.6        5
DAYS >= 1.00        1               1.2    -0.2        5
GREATEST
 24 HR. TOTAL    1.86   10/28 TO 10/28

SNOWFALL (INCHES)
RECORDS
 TOTAL              T   2019
TOTALS            0.0               0.0     0.0        T
SINCE 7/1         0.0               0.0     0.0        T
SNOWDEPTH AVG.      0                MM      MM        0
DAYS >= 1.0         0               0.0     0.0        0
GREATEST
 SNOW DEPTH         0   MM                             0  MM
 24 HR TOTAL      0.0   10/31 TO 10/31

DEGREE_DAYS
HEATING TOTAL     189               188       1      194
 SINCE 7/1        214               214       0      194
COOLING TOTAL      36                48     -12       83
 SINCE 1/1       1609              1691     -82     1948
.................................................................

WIND (MPH)
AVERAGE WIND SPEED              5.5
HIGHEST WIND SPEED/DIRECTION    24/260    DATE  10/29
HIGHEST GUST SPEED/DIRECTION    33/250    DATE  10/29

SKY COVER
POSSIBLE SUNSHINE (PERCENT)   MM
AVERAGE SKY COVER           0.40
NUMBER OF DAYS FAIR           17
NUMBER OF DAYS PC              5
NUMBER OF DAYS CLOUDY          9

AVERAGE RH (PERCENT)     74

WEATHER CONDITIONS. NUMBER OF DAYS WITH
  0
  3
  0
  0
  0
  0
  3
HAZE                      1

-  INDICATES NEGATIVE NUMBERS.
R  INDICATES RECORD WAS SET OR TIED.
MM INDICATES DATA IS MISSING.
T  INDICATES TRACE AMOUNT.

$$
