000
CXUS52 KMLB 011339
CLMMLB

CLIMATE REPORT
NATIONAL WEATHER SERVICE MELBOURNE FL
839 AM EST SUN NOV 01 2020

...................................

...THE MELBOURNE CLIMATE SUMMARY FOR THE MONTH OF OCTOBER 2020...

CLIMATE NORMAL PERIOD 1981 TO 2010
CLIMATE RECORD PERIOD 1939 TO 2020

WEATHER         OBSERVED          NORMAL  DEPART   LAST YEAR`S
                VALUE   DATE(S)   VALUE   FROM     VALUE
                                          NORMAL
..............................................................
TEMPERATURE (F)
MONTHLY RECORD
 HOTTEST        80.7   2007
 COOLEST        71.3   1974
DAILY RECORD
 HIGH             96   10/02/1959
 LOW              41   10/17/1977
                       10/24/1937
OCTOBER 2020
HIGHEST           90   10/11                          92
                       10/29
LOWEST            69   10/14                          67
                       10/30
AVG. MAXIMUM    84.9               84.1     0.8     86.8
AVG. MINIMUM    74.0               67.9     6.1     74.4
MEAN            79.4               76.0     3.4     80.6
DAYS MAX >= 90     2                1.9     0.1        6
DAYS MAX <= 32     0                0.0     0.0        0
DAYS MIN <= 32     0                0.0     0.0        0
DAYS MIN <= 0      0                0.0     0.0        0

PRECIPITATION (INCHES)
MONTHLY RECORD
 MAXIMUM       13.86   1956
 MINIMUM           T   2010
DAILY RECORD
 MAXIMUM        6.03   10/17/1956
OCTOBER 2020
TOTALS          4.89               5.06   -0.17     6.31
DAYS >= .01       16               11.0     5.0       14
DAYS >= .10       10                6.8     3.2        8
DAYS >= .50        4                2.9     1.1        5
DAYS >= 1.00       1                1.4    -0.4        2
GREATEST
 24 HR. TOTAL   1.47   10/09 TO 10/10

SNOWFALL (INCHES)
TOTALS           0.0                0.0     0.0      0.0
SINCE 7/1        0.0                0.0     0.0       MM
DAYS >= TRACE      0                                   0

DEGREE DAYS
HEATING TOTAL      0                  4      -4        0
 SINCE 7/1         0                  0       0        0
COOLING TOTAL    457                345     112      491
 SINCE 1/1      3674               3037     637     3904
..............................................................

WIND (MPH)
AVERAGE WIND SPEED              9.6
HIGHEST WIND SPEED/DIRECTION    29/110    DATE  10/22
HIGHEST GUST SPEED/DIRECTION    37/040    DATE  10/18

SKY COVER
POSSIBLE SUNSHINE (PERCENT)   MM
AVERAGE SKY COVER           0.37
NUMBER OF DAYS FAIR           14
NUMBER OF DAYS PC             16
NUMBER OF DAYS CLOUDY          1

AVERAGE RH (PERCENT)     84

WEATHER CONDITIONS. NUMBER OF DAYS WITH
THUNDERSTORM              5     MIXED PRECIP               0
HEAVY RAIN                9     RAIN                      10
LIGHT RAIN               17     LT FREEZING RAIN           0
HAIL                      0     LIGHT SNOW                 0
SLEET                     0     FOG                       18
FOG W/VIS <= 1/4 MILE     0     HAZE                       5

-  INDICATES NEGATIVE NUMBERS.
R  INDICATES RECORD WAS SET OR TIED.
MM INDICATES DATA IS MISSING.
T  INDICATES TRACE AMOUNT.

$$
