000
CXUS51 KCAR 021553
CLMMLT

CLIMATE REPORT
NATIONAL WEATHER SERVICE CARIBOU ME
1048 AM EST MON NOV 02 2020

...................................

...THE MILLINOCKET ME CLIMATE SUMMARY FOR THE MONTH OF OCTOBER 2020...

CLIMATE NORMAL PERIOD: 1981 TO 2010
CLIMATE RECORD PERIOD: 1903 TO 2020

WEATHER         OBSERVED          NORMAL  DEPART   LAST YEAR`S
                VALUE   DATE(S)   VALUE   FROM     VALUE DATE(S)
                                          NORMAL
................................................................
TEMPERATURE (F)
RECORD
 HIGH             87   10/13/1930
 LOW              11   10/31/1925
HIGHEST           72   10/10         MM      MM       65  10/31
LOWEST            19   10/31         MM      MM       26  10/27
AVG. MAXIMUM    54.1               54.8    -0.7     56.4
AVG. MINIMUM    35.6               36.1    -0.5     37.5
MEAN            44.9               45.4    -0.5     47.0
DAYS MAX >= 90     0                0.0     0.0        0
DAYS MAX <= 32     0                0.0     0.0        0
DAYS MIN <= 32    13                9.8     3.2        9
DAYS MIN <= 0      0                0.0     0.0        0

PRECIPITATION (INCHES)
RECORD
 MAXIMUM        6.48   2020
 MINIMUM        5.04   2019
TOTALS          6.48*                      2.41
DAILY AVG.      0.21               0.13    0.08     0.17
DAYS >= .01       14                 MM      MM       12
DAYS >= .10        8                 MM      MM        5
DAYS >= .50        5                 MM      MM        5
DAYS >= 1.00       2                 MM      MM        1

SNOWFALL (INCHES)
RECORDS
 TOTAL            MM   MM
TOTALS            MM                 MM      MM       MM
SINCE 7/1         MM                 MM      MM       MM
SNOWDEPTH AVG.    MM                                  MM
DAYS >= 1.0       MM                 MM      MM       MM
GREATEST
 SNOW DEPTH       MM                                  MM  MM
 24 HR TOTAL      MM                                  MM

DEGREE DAYS
HEATING TOTAL    619                606      13      553
 SINCE 7/1       896                935     -39       MM
COOLING TOTAL      0                  0       0        0
 SINCE 1/1       527                268     259       MM
................................................................

WIND (MPH)
AVERAGE WIND SPEED              4.7
HIGHEST WIND SPEED/DIRECTION    29/310    DATE  10/08
HIGHEST GUST SPEED/DIRECTION    41/290    DATE  10/08

SKY COVER
POSSIBLE SUNSHINE (PERCENT)   MM
AVERAGE SKY COVER           0.55
NUMBER OF DAYS FAIR            8
NUMBER OF DAYS PC             13
NUMBER OF DAYS CLOUDY         10

AVERAGE RH (PERCENT)     74

WEATHER CONDITIONS. NUMBER OF DAYS WITH
THUNDERSTORM              1     MIXED PRECIP               0
HEAVY RAIN                7     RAIN                       7
LIGHT RAIN               14     FREEZING RAIN              0
LT FREEZING RAIN          0     HAIL                       0
HEAVY SNOW                0     SNOW                       0
LIGHT SNOW                0     SLEET                      0
FOG                      17     FOG W/VIS <= 1/4 MILE      3
HAZE                      1

-  INDICATES NEGATIVE NUMBERS.
*  INDICATES RECORD WAS SET OR TIED.
MM INDICATES DATA IS MISSING.
T  INDICATES TRACE AMOUNT.

$$
