895
CXUS51 KCAR 010900
CLMMLT

CLIMATE REPORT
NATIONAL WEATHER SERVICE CARIBOU ME
500 AM EDT TUE JUN 01 2021

...................................

...THE MILLINOCKET ME CLIMATE SUMMARY FOR THE MONTH OF MAY 2021...

CLIMATE NORMAL PERIOD: 1991 TO 2020
CLIMATE RECORD PERIOD: 1903 TO 2021

WEATHER         OBSERVED          NORMAL  DEPART   LAST YEAR`S
                VALUE   DATE(S)   VALUE   FROM     VALUE DATE(S)
                                          NORMAL
................................................................
TEMPERATURE (F)
RECORD
 HIGH             96   05/24/1977
                       05/22/1911
 LOW              19   05/07/1932
HIGHEST           91   05/26         MM      MM       92  05/27
LOWEST            33   05/08         MM      MM       30  05/08
                                                          05/12
AVG. MAXIMUM    66.9               64.6     2.3     65.3
AVG. MINIMUM    41.3               41.8    -0.5     40.0
MEAN            54.1               53.2     0.9     52.7
DAYS MAX >= 90     1                0.2     0.8        1
DAYS MAX <= 32     0                0.0     0.0        0
DAYS MIN <= 32     0                2.4    -2.4        7
DAYS MIN <= 0      0                0.0     0.0        0

PRECIPITATION (INCHES)
RECORD
 MAXIMUM        2.14   2020
 MINIMUM        2.14   2020
TOTALS          2.12*                     -1.30
DAILY AVG.      0.07               0.11   -0.04     0.07
DAYS >= .01       13               13.0     0.0       13
DAYS >= .10        5                7.5    -2.5        7
DAYS >= .50        0                2.2    -2.2        1
DAYS >= 1.00       0                0.7    -0.7        0

SNOWFALL (INCHES)
RECORDS
 TOTAL            MM   MM
TOTALS            MM                 MM      MM       MM
SINCE 7/1         MM                 MM      MM       MM
SNOWDEPTH AVG.    MM                                  MM
DAYS >= 1.0       MM                 MM      MM       MM
GREATEST
 SNOW DEPTH       MM                                  MM  MM
 24 HR TOTAL      MM                                  MM

DEGREE DAYS
HEATING TOTAL    346                373     -27      415
 SINCE 7/1      7468               8232    -764       MM
COOLING TOTAL     17                  7      10       42
 SINCE 1/1        17                  7      10       MM
................................................................

WIND (MPH)
AVERAGE WIND SPEED              5.6
HIGHEST WIND SPEED/DIRECTION    32/330    DATE  05/13
HIGHEST GUST SPEED/DIRECTION    43/330    DATE  05/13

SKY COVER
POSSIBLE SUNSHINE (PERCENT)   MM
AVERAGE SKY COVER           0.39
NUMBER OF DAYS FAIR           16
NUMBER OF DAYS PC             11
NUMBER OF DAYS CLOUDY          4

AVERAGE RH (PERCENT)     61

WEATHER CONDITIONS. NUMBER OF DAYS WITH
THUNDERSTORM              4     MIXED PRECIP               0
HEAVY RAIN                3     RAIN                       4
LIGHT RAIN               14     FREEZING RAIN              0
LT FREEZING RAIN          0     HAIL                       0
HEAVY SNOW                0     SNOW                       0
LIGHT SNOW                0     SLEET                      0
FOG                      10     FOG W/VIS <= 1/4 MILE      0
HAZE                      2

-  INDICATES NEGATIVE NUMBERS.
*  INDICATES RECORD WAS SET OR TIED.
MM INDICATES DATA IS MISSING.
T  INDICATES TRACE AMOUNT.

$$
