000
CXUS56 KPQR 011713
CLMMMV

CLIMATE REPORT
NATIONAL WEATHER SERVICE
913 AM PST TUE DEC 01 2020

...................................

...THE MCMINNVILLE OR CLIMATE SUMMARY FOR THE MONTH OF NOVEMBER 2020...

CLIMATE NORMAL PERIOD 1981 TO 2010
CLIMATE RECORD PERIOD 1894 TO 2020

WEATHER         OBSERVED          NORMAL  DEPART   LAST YEAR`S
                VALUE   DATE(S)   VALUE   FROM     VALUE DATE(S)
                                          NORMAL
................................................................
TEMPERATURE (F)
HIGHEST           68                                  65  11/11
LOWEST            24                                  20  11/30
AVG. MAXIMUM    52.3               52.0     0.3     54.0
AVG. MINIMUM    37.0               38.1    -1.1     34.3
MEAN            44.7               45.0    -0.3     44.2
DAYS MAX >= 90     0                0.0     0.0        0
DAYS MAX <= 32     0                0.1    -0.1        0
DAYS MIN <= 32     6                5.7     0.3       13
DAYS MIN <= 0      0                0.0     0.0        0

PRECIPITATION (INCHES)
RECORD
 MAXIMUM       20.47   1896
 MINIMUM        0.42   1936
TOTALS          6.15               6.79   -0.64     0.59
DAYS >= .01       20                 MM      MM        9
DAYS >= .10       14                 MM      MM        1
DAYS >= .50        4                 MM      MM        0
DAYS >= 1.00       3                 MM      MM        0
GREATEST
 24 HR. TOTAL   1.42   11/18 TO 11/19


DEGREE DAYS
HEATING TOTAL    602                599       3      617
 SINCE 7/1      1032               1222    -190     1229
COOLING TOTAL      0                  0       0        0
 SINCE 1/1       343                215     128      282
................................................................

WIND (MPH)
AVERAGE WIND SPEED              5.0
RESULTANT WIND SPEED/DIRECTION   3/200
HIGHEST WIND SPEED/DIRECTION    35/190    DATE  11/17
HIGHEST GUST SPEED/DIRECTION    45/190    DATE  11/17

SKY COVER
POSSIBLE SUNSHINE (PERCENT)   MM
AVERAGE SKY COVER           0.74

AVERAGE RH (PERCENT)     87

WEATHER CONDITIONS. NUMBER OF DAYS WITH
THUNDERSTORM              0     MIXED PRECIP               0
HEAVY RAIN                5     RAIN                      11
LIGHT RAIN               20     FREEZING RAIN              0
LT FREEZING RAIN          0     HAIL                       0
HEAVY SNOW                0     SNOW                       0
LIGHT SNOW                0     SLEET                      0
FOG                      28     FOG W/VIS <= 1/4 MILE     15
HAZE                      3

-  INDICATES NEGATIVE NUMBERS.
R  INDICATES RECORD WAS SET OR TIED.
MM INDICATES DATA IS MISSING.
T  INDICATES TRACE AMOUNT.

$$
