000
CXUS51 KPHI 011359
CLMMPO

CLIMATE REPORT
NATIONAL WEATHER SERVICE MOUNT HOLLY NJ
959 AM EDT TUE JUN 01 2021

...................................

...THE MOUNT POCONO PA CLIMATE SUMMARY FOR THE MONTH OF MAY 2021...

CLIMATE NORMAL PERIOD: 1991 TO 2020
CLIMATE RECORD PERIOD: 1901 TO 2021

WEATHER         OBSERVED          NORMAL  DEPART   LAST YEAR`S
                VALUE   DATE(S)   VALUE   FROM     VALUE
                                          NORMAL
..............................................................
TEMPERATURE (F)
RECORD
 HIGH             94   05/22/1911
 LOW              18   05/15/1914
HIGHEST           83                 MM      MM       82
LOWEST            31                 MM      MM       22
AVG. MAXIMUM    65.0               65.3    -0.3     62.8
AVG. MINIMUM    43.6               44.6    -1.0     42.6
MEAN            54.3               55.0    -0.7     52.7
DAYS MAX >= 90     0                0.0     0.0        0
DAYS MAX <= 32     0                0.0     0.0        0
DAYS MIN <= 32     3                1.9     1.1        7
DAYS MIN <= 0      0                0.0     0.0        0

PRECIPITATION (INCHES)
RECORD
 MAXIMUM       10.58   1989
 MINIMUM        0.00   2013
TOTALS          4.93               4.06    0.87     2.07
DAILY AVG.      0.16               0.13    0.03     0.07
DAYS >= .01       12               15.6    -3.6       11
DAYS >= .10        9                9.2    -0.2        7
DAYS >= .50        5                2.8     2.2        0
DAYS >= 1.00       1                1.0     0.0        0
GREATEST
 24 HR. TOTAL   1.45   05/28 TO 05/29               1.80


DEGREE DAYS
HEATING TOTAL    343                324      19      386
 SINCE 7/1      6698               7141    -443       MM
COOLING TOTAL     19                 13       6       12
 SINCE 1/1        21                 15       6       MM
..............................................................

WIND (MPH)
AVERAGE WIND SPEED              9.1
HIGHEST WIND SPEED/DIRECTION    38/300    DATE  05/01
HIGHEST GUST SPEED/DIRECTION    56/300    DATE  05/01

SKY COVER
POSSIBLE SUNSHINE (PERCENT)   MM
AVERAGE SKY COVER           0.46
NUMBER OF DAYS FAIR           13
NUMBER OF DAYS PC             11
NUMBER OF DAYS CLOUDY          7

AVERAGE RH (PERCENT)     67

WEATHER CONDITIONS. NUMBER OF DAYS WITH
THUNDERSTORM              1     MIXED PRECIP               0
HEAVY RAIN                2     RAIN                       7
LIGHT RAIN               20     FREEZING RAIN              0
LT FREEZING RAIN          0     HEAVY SNOW                 0
SNOW                      0     LIGHT SNOW                 1
SLEET                     0     FOG                       10
FOG W/VIS <= 1/4 MILE     4     HAZE                       0

-  INDICATES NEGATIVE NUMBERS.
R  INDICATES RECORD WAS SET OR TIED.
MM INDICATES DATA IS MISSING.
T  INDICATES TRACE AMOUNT.

$$
