313
CXUS51 KPHI 011404
CLMMPO

CLIMATE REPORT
NATIONAL WEATHER SERVICE MOUNT HOLLY NJ
904 AM EST SUN NOV 01 2020

...................................

...THE MOUNT POCONO PA CLIMATE SUMMARY FOR THE MONTH OF OCTOBER 2020...

CLIMATE NORMAL PERIOD: 1981 TO 2010
CLIMATE RECORD PERIOD: 1901 TO 2020

WEATHER         OBSERVED          NORMAL  DEPART   LAST YEAR`S
                VALUE   DATE(S)   VALUE   FROM     VALUE
                                          NORMAL
..............................................................
TEMPERATURE (F)
RECORD
 HIGH             89   10/02/1927
 LOW              12   10/31/1917
HIGHEST           72                 MM      MM       82
LOWEST            22                 MM      MM       32
AVG. MAXIMUM    57.3               57.5    -0.2     59.2
AVG. MINIMUM    41.0               39.0     2.0     42.6
MEAN            49.2               48.2     1.0     50.9
DAYS MAX >= 90     0                0.0     0.0        0
DAYS MAX <= 32     0                0.0     0.0        0
DAYS MIN <= 32     4                7.1    -3.1        2
DAYS MIN <= 0      0                0.0     0.0        0

PRECIPITATION (INCHES)
RECORD
 MAXIMUM       12.80   2005
 MINIMUM        0.23   1963
TOTALS          3.10               3.96   -0.86     8.13
DAILY AVG.      0.10               0.13   -0.03     0.26
DAYS >= .01       10                 MM      MM       14
DAYS >= .10        6                 MM      MM       11
DAYS >= .50        2                 MM      MM        4
DAYS >= 1.00       1                 MM      MM        3
GREATEST
 24 HR. TOTAL   1.65   10/29 TO 10/30               2.12


DEGREE DAYS
HEATING TOTAL    482                520     -38      432
 SINCE 7/1       708                789     -81      610
COOLING TOTAL      0                  1      -1        5
 SINCE 1/1       424                314     110      348
..............................................................

WIND (MPH)
AVERAGE WIND SPEED              8.1
HIGHEST WIND SPEED/DIRECTION    36/270    DATE  10/07
HIGHEST GUST SPEED/DIRECTION    49/270    DATE  10/07

SKY COVER
POSSIBLE SUNSHINE (PERCENT)   MM
AVERAGE SKY COVER           0.55
NUMBER OF DAYS FAIR           12
NUMBER OF DAYS PC              6
NUMBER OF DAYS CLOUDY         13

AVERAGE RH (PERCENT)     79

WEATHER CONDITIONS. NUMBER OF DAYS WITH
THUNDERSTORM              0     MIXED PRECIP               0
HEAVY RAIN                1     RAIN                       3
LIGHT RAIN               13     FREEZING RAIN              0
LT FREEZING RAIN          0     HEAVY SNOW                 0
SNOW                      0     LIGHT SNOW                 1
SLEET                     0     FOG                       17
FOG W/VIS <= 1/4 MILE     3     HAZE                       0

-  INDICATES NEGATIVE NUMBERS.
R  INDICATES RECORD WAS SET OR TIED.
MM INDICATES DATA IS MISSING.
T  INDICATES TRACE AMOUNT.

$$
