000
CXUS51 KBTV 011500
CLMMPV

CLIMATE REPORT
NATIONAL WEATHER SERVICE BURLINGTON VT
1000 AM EST TUE DEC 01 2020

...................................

...THE MONTPELIER VT CLIMATE SUMMARY FOR THE MONTH OF NOVEMBER 2020...

CLIMATE NORMAL PERIOD: 1981 TO 2010
CLIMATE RECORD PERIOD: 1948 TO 2020

WEATHER         OBSERVED          NORMAL  DEPART   LAST YEAR`S
                VALUE   DATE(S)   VALUE   FROM     VALUE DATE(S)
                                          NORMAL
................................................................
TEMPERATURE (F)
RECORD
 HIGH             76
 LOW              -3
HIGHEST           73   11/10         MM      MM       67  11/01
LOWEST            11   11/19         MM      MM        0  11/17
AVG. MAXIMUM    48.0               43.8     4.2     36.5
AVG. MINIMUM    28.0               26.9     1.1     21.2
MEAN            38.0               35.4     2.6     28.9
DAYS MAX >= 90     0                0.0     0.0        0
DAYS MAX <= 32     3                3.8    -0.8       10
DAYS MIN <= 32    21               21.3    -0.3       29
DAYS MIN <= 0      0                0.1    -0.1        1

PRECIPITATION (INCHES)
RECORD
 MAXIMUM        5.68   1969
 MINIMUM        0.92   1952
TOTALS          3.68               3.17    0.51     2.48
DAILY AVG.      0.12               0.11    0.01     0.08
DAYS >= .01       16               14.0     2.0       14
DAYS >= .10        6                7.1    -1.1        7
DAYS >= .50        3                2.1     0.9        0
DAYS >= 1.00       1                0.4     0.6        0
GREATEST
 24 HR. TOTAL   1.34   11/30 TO 11/30               0.57  11/11 TO 11/12
 STORM TOTAL    1.34                                0.45
 (MM/DD(HH))            MM


DEGREE DAYS
HEATING TOTAL    801                890     -89     1080
 SINCE 7/1      1699               1845    -146       MM
COOLING TOTAL      0                  0       0        0
 SINCE 1/1       402                264     138       MM
................................................................

WIND (MPH)
AVERAGE WIND SPEED              6.3
HIGHEST WIND SPEED/DIRECTION    31/300    DATE  11/02
HIGHEST GUST SPEED/DIRECTION    42/290    DATE  11/02

SKY COVER
POSSIBLE SUNSHINE (PERCENT)   MM
AVERAGE SKY COVER           0.54
NUMBER OF DAYS FAIR           10
NUMBER OF DAYS PC              8
NUMBER OF DAYS CLOUDY         12

AVERAGE RH (PERCENT)     76

WEATHER CONDITIONS. NUMBER OF DAYS WITH
THUNDERSTORM              0     MIXED PRECIP               0
HEAVY RAIN                2     RAIN                       3
LIGHT RAIN               11     FREEZING RAIN              0
LT FREEZING RAIN          1     HAIL                       0
HEAVY SNOW                2     SNOW                       3
LIGHT SNOW               10     SLEET                      0
FOG                      21     FOG W/VIS <= 1/4 MILE     10
HAZE                      3

-  INDICATES NEGATIVE NUMBERS.
R  INDICATES RECORD WAS SET OR TIED.
MM INDICATES DATA IS MISSING.
T  INDICATES TRACE AMOUNT.

$$
