000
CXUS53 KMPX 022209 CCA
CLMMPX

CLIMATE REPORT...CORRECTED AVERAGE MAX TEMP AND MEAN TEMP
NATIONAL WEATHER SERVICE TWIN CITIES/CHANHASSEN MN
133 AM CDT SUN NOV 01 2020

...................................

...THE CHANHASSEN MN CLIMATE SUMMARY FOR THE MONTH OF OCTOBER 2020...

CLIMATE NORMAL PERIOD 1981 TO 2010
CLIMATE RECORD PERIOD 1995 TO 2020

WEATHER         OBSERVED          NORMAL  DEPART   LAST YEAR`S
                VALUE   DATE(S)   VALUE   FROM     VALUE DATE(S)
                                          NORMAL
................................................................
TEMPERATURE (F)
HIGHEST           80   10/06         MM      MM       71  10/09
                       10/09
LOWEST            13R  10/27         MM      MM       19  10/30
AVG. MAXIMUM    49.7               57.7    -8.0     50.9
AVG. MINIMUM    33.5               38.0    -4.5     35.8
MEAN            41.6               47.8    -6.2     43.3
DAYS MAX >= 90     0                                   0
DAYS MAX <= 32     5                                   1
DAYS MIN <= 32    18                                  13
DAYS MIN <= 0      0                                   0

PRECIPITATION (INCHES)
TOTALS          2.57               2.51    0.06     3.83
DAILY AVG.      0.08                                0.12
DAYS >= .01       10                                  11
DAYS >= .10        3                                   6
DAYS >= .50        3                                   3
DAYS >= 1.00       0                                   1
GREATEST
 24 HR. TOTAL   0.90   10/11 TO 10/11               1.06

SNOWFALL (INCHES)
TOTALS           8.9                0.4     8.5      0.2
SINCE 7/1        8.9                0.4     8.5       MM
SNOWDEPTH AVG.     1                                   0
DAYS >= 1.0        1                                   0
GREATEST
 SNOW DEPTH        6   10/21                           0  MM
 24 HR TOTAL      MM

DEGREE DAYS
HEATING TOTAL    725                537     188      663
 SINCE 7/1       943                735     208      784
COOLING TOTAL      3                  5      -2        0
 SINCE 1/1       660                605      55      514
................................................................



-  INDICATES NEGATIVE NUMBERS.
R  INDICATES RECORD WAS SET OR TIED.
MM INDICATES DATA IS MISSING.
T  INDICATES TRACE AMOUNT.

$$
