000
CXUS53 KMQT 012258
CLMMQT

ARBCLMMQT 000
TTAA00 KMQT 012258


CLIMATE REPORT
NATIONAL WEATHER SERVICE MARQUETTE MI
557 PM EST SUN NOV 1 2020

...................................

...THE MARQUETTE MI CLIMATE SUMMARY FOR THE MONTH OF OCTOBER 2020...

CLIMATE NORMAL PERIOD 1981 TO 2010
CLIMATE RECORD PERIOD 1961 TO 2020

WEATHER         OBSERVED          NORMAL  DEPART  LAST YEAR`S
                 VALUE   DATE(S)  VALUE   FROM    VALUE  DATE(S)
                                          NORMAL
................................................................
TEMPERATURE (F)
RECORD
 HIGH              87   10/02/1992
 LOW                9   10/23/1969
HIGHEST            74   10/09        51      23       72  10/01
LOWEST             12   10/27        34     -22       17  10/30
AVG. MAXIMUM     45.2              52.1    -6.9     49.7
AVG. MINIMUM     29.8              34.2    -4.4     33.3
MEAN             37.5              43.2    -5.7     41.5
DAYS MAX >= 90      0               0.0     0.0        0
DAYS MAX <= 32      3               0.7     2.3        1
DAYS MIN <= 32     21              13.4     7.6       18
DAYS MIN <= 0       0               0.0     0.0        0

PRECIPITATION (INCHES)
RECORD
 MAXIMUM         8.19   2017
 MINIMUM         0.94   1975
TOTALS           6.23              3.84    2.39     4.95
DAILY AVG.       0.20              0.12    0.08     0.16
DAYS >= .01        19              15.2     3.8       17
DAYS >= .10        12               8.3     3.7        8
DAYS >= .50         5               2.2     2.8        4
DAYS >= 1.00        1               0.9     0.1        1
GREATEST
 24 HR. TOTAL    1.27   10/12 TO 10/12

SNOWFALL (INCHES)
RECORDS
 TOTAL           18.6   1979
                        0
                        0
TOTALS           22.1R              6.0    16.1      2.8
SINCE 7/1        22.1               6.1    16.0      2.8
SNOWDEPTH AVG.      2                MM      MM        0
DAYS >= 1.0         5               1.7     3.3        1
GREATEST
 SNOW DEPTH        10R  10/25                          1  10/29
                        10/26                             10/13
 24 HR TOTAL      8.3   10/25 TO 10/25

DEGREE_DAYS
HEATING TOTAL     844               679     165      723
 SINCE 7/1       1286              1161     125     1128
COOLING TOTAL       0                 1      -1        0
 SINCE 1/1        318               242      76      194
.................................................................

WIND (MPH)
AVERAGE WIND SPEED              MM
HIGHEST WIND SPEED/DIRECTION    MM        DATE   MM
HIGHEST GUST SPEED/DIRECTION    43/180    DATE  10/31

SKY COVER
POSSIBLE SUNSHINE (PERCENT)   MM
AVERAGE SKY COVER             MM
NUMBER OF DAYS FAIR            0
NUMBER OF DAYS PC              0
NUMBER OF DAYS CLOUDY          0

AVERAGE RH (PERCENT)     MM

WEATHER CONDITIONS. NUMBER OF DAYS WITH
THUNDERSTORM              1     MIXED PRECIP               3
HEAVY RAIN                1     RAIN                       1
LIGHT RAIN               18     FREEZING RAIN              1
LT FREEZING RAIN          0     HAIL                       0
HEAVY SNOW                0     SNOW                       1
LIGHT SNOW               18     SLEET                      2
FOG                       1     FOG W/VIS <= 1/4 MILE      0
HAZE                      0

-  INDICATES NEGATIVE NUMBERS.
R  INDICATES RECORD WAS SET OR TIED.
MM INDICATES DATA IS MISSING.
T  INDICATES TRACE AMOUNT.

$$
