000
CXUS56 KMTR 010941
CLMMRY

CLIMATE REPORT
NATIONAL WEATHER SERVICE SAN FRANCISCO BAY AREA
141 AM PST SUN NOV 01 2020

...................................

...THE MONTEREY AIRPORT CLIMATE SUMMARY FOR THE MONTH OF OCTOBER 2020...

CLIMATE NORMAL PERIOD: 1981 TO 2010
CLIMATE RECORD PERIOD: 1998 TO 2020

WEATHER         OBSERVED                    LAST YEAR`S
                VALUE   DATE(S)             VALUE DATE(S)

.........................................................
TEMPERATURE (F)
RECORD
 HIGH             96   MM
 LOW              40   10/30/2019
HIGHEST           93   10/16                   96  10/24
LOWEST            44   10/31                   40  10/30
AVG. MAXIMUM    73.3                         73.6
AVG. MINIMUM    51.8                         49.6
MEAN            62.6                         61.6
DAYS MAX >= 90     2                            2
DAYS MAX <= 32     0                            0
DAYS MIN <= 32     0                            0
DAYS MIN <= 0      0                            0

PRECIPITATION (INCHES)
RECORD
 MAXIMUM          MM   MM
 MINIMUM          MM   MM
TOTALS          0.00                         0.02
DAILY AVG.      0.00                         0.00
DAYS >= .01        0                            1
DAYS >= .10        0                            0
DAYS >= .50        0                            0
DAYS >= 1.00       0                            0
GREATEST
 24 HR. TOTAL   0.00   09/30 TO 09/30        0.02  10/17 TO 10/17


DEGREE DAYS
HEATING TOTAL     90                          146
 SINCE 7/1       140                          261
COOLING TOTAL     35                           48
 SINCE 1/1       165                          193
.........................................................

WIND (MPH)
AVERAGE WIND SPEED              3.8
RESULTANT WIND SPEED/DIRECTION   1/020
HIGHEST WIND SPEED/DIRECTION    15/250    DATE  10/22
HIGHEST GUST SPEED/DIRECTION    18/260    DATE  10/17
                                18/240          10/22

SKY COVER
POSSIBLE SUNSHINE (PERCENT)   MM
AVERAGE SKY COVER           0.33
NUMBER OF DAYS FAIR           17
NUMBER OF DAYS PC             12
NUMBER OF DAYS CLOUDY          2

AVERAGE RH (PERCENT)     66

WEATHER CONDITIONS. NUMBER OF DAYS WITH
THUNDERSTORM              0     MIXED PRECIP               0
HEAVY RAIN                0     RAIN                       0
LIGHT RAIN                0     FREEZING RAIN              0
LT FREEZING RAIN          0     HAIL                       0
HEAVY SNOW                0     SNOW                       0
LIGHT SNOW                0     SLEET                      0
FOG                      18     FOG W/VIS <= 1/4 MILE      9
HAZE                     20

-  INDICATES NEGATIVE NUMBERS.
R  INDICATES RECORD WAS SET OR TIED.
MM INDICATES DATA IS MISSING.
T  INDICATES TRACE AMOUNT.

$$
