000
CXUS54 KHUN 021944
CLMMSL

CLIMATE REPORT
NATIONAL WEATHER SERVICE HUNTSVILLE AL
144 PM CST MON NOV 02 2020

...................................

...THE MUSCLE SHOALS CLIMATE SUMMARY FOR THE MONTH OF OCTOBER 2020...

CLIMATE NORMAL PERIOD 1981 TO 2010
CLIMATE RECORD PERIOD 1893 TO 2020

WEATHER         OBSERVED          NORMAL  DEPART   LAST YEAR`S
                VALUE   DATE(S)   VALUE   FROM     VALUE
                                          NORMAL
..............................................................
TEMPERATURE (F)
RECORD
 HIGH            100   10/02/2019
 LOW              23   10/31/1917
HIGHEST           86   10/22         MM      MM      100
LOWEST            37   10/17         MM      MM       36
AVG. MAXIMUM    76.3               74.3     2.0     77.1
AVG. MINIMUM    54.5               49.8     4.7     54.1
MEAN            65.4               62.1     3.3     65.6
DAYS MAX >= 90     0                0.2    -0.2        6
DAYS MAX <= 32     0                0.0     0.0        0
DAYS MIN <= 32     0                0.9    -0.9        0
DAYS MIN <= 0      0                0.0     0.0        0

PRECIPITATION (INCHES)
RECORD
 MAXIMUM       11.05   1918
 MINIMUM        0.00   1963
                       1924
TOTALS          3.52               3.43    0.09     7.44
DAILY AVG.      0.11               0.11   -0.00
DAYS >= .01       10                8.2     1.8       10
DAYS >= .10        5                5.3    -0.3        7
DAYS >= .50        2                2.3    -0.3        5
DAYS >= 1.00       1                0.8     0.2        3
GREATEST
 24 HR. TOTAL   1.66   10/09 TO 10/10               2.89

SNOWFALL (INCHES)
RECORDS
 TOTAL             T   1913
 24 HR TOTAL     0.0   MM
TOTALS            MM                0.0      MM      0.0
SINCE 7/1         MM                0.0      MM       MM
DAYS >= TRACE     MM                0.0      MM
DAYS >= 1.0       MM                0.0      MM
GREATEST
 24 HR TOTAL      MM                                 0.0

DEGREE DAYS
HEATING TOTAL     67                153     -86      118
 SINCE 7/1        75                170     -95       MM
COOLING TOTAL     87                 62      25      144
 SINCE 1/1      2129               1864     265       MM

FREEZE DATES
RECORD
 EARLIEST     10/03/1908
 LATEST       05/02/1909
EARLIEST                        11/01
LATEST                          03/20
..............................................................

WIND (MPH)
AVERAGE WIND SPEED              MM
HIGHEST WIND SPEED/DIRECTION    29/260    DATE  10/29
HIGHEST GUST SPEED/DIRECTION    35/260    DATE  10/29

SKY COVER
POSSIBLE SUNSHINE (PERCENT)   MM


WEATHER CONDITIONS. NUMBER OF DAYS WITH
THUNDERSTORM              1     MIXED PRECIP               0
HEAVY RAIN                4     RAIN                       5
LIGHT RAIN               11     FREEZING RAIN              0
LT FREEZING RAIN          0     HAIL                       0
HEAVY SNOW                0     SNOW                       0
LIGHT SNOW                0     SLEET                      0
FOG                      16     FOG W/VIS <= 1/4 MILE      4

-  INDICATES NEGATIVE NUMBERS.
R  INDICATES RECORD WAS SET OR TIED.
MM INDICATES DATA IS MISSING.
T  INDICATES TRACE AMOUNT.

$$
