386
CXUS53 KMPX 010633
CLMMSP

CLIMATE REPORT
NATIONAL WEATHER SERVICE TWIN CITIES/CHANHASSEN MN
133 AM CDT SUN NOV 01 2020

...................................

...THE TWIN CITIES MN CLIMATE SUMMARY FOR THE MONTH OF OCTOBER 2020...

CLIMATE NORMAL PERIOD 1981 TO 2010
CLIMATE RECORD PERIOD 1871 TO 2020

WEATHER         OBSERVED          NORMAL  DEPART   LAST YEAR`S
                VALUE   DATE(S)   VALUE   FROM     VALUE DATE(S)
                                          NORMAL
................................................................
TEMPERATURE (F)
RECORD
 HIGH             90   10/03/1997
                       10/10/1928
 LOW              10   10/30/1925
HIGHEST           80   10/06         70      10       73  10/09
                       10/09
LOWEST            16   10/27         31     -15       23  10/30
AVG. MAXIMUM    51.0               58.0    -7.0     53.2
AVG. MINIMUM    36.1               39.7    -3.6     39.0
MEAN            43.6               48.9    -5.3     46.1
DAYS MAX >= 90     0                0.0     0.0        0
DAYS MAX <= 32     3                0.1     2.9        0
DAYS MIN <= 32    14                6.2     7.8        6
DAYS MIN <= 0      0                0.0     0.0        0

PRECIPITATION (INCHES)
RECORD
 MAXIMUM        6.42   1911
 MINIMUM        0.01   1952
TOTALS          2.40               2.43   -0.03     4.05
DAILY AVG.      0.08               0.08    0.00     0.13
DAYS >= .01       11                9.2     1.8       14
DAYS >= .10        3                4.7    -1.7        6
DAYS >= .50        3                1.4     1.6        3
DAYS >= 1.00       0                0.4    -0.4        2
GREATEST
 24 HR. TOTAL   1.24   10/11 TO 10/12

SNOWFALL (INCHES)
RECORDS
 TOTAL           8.2   5
TOTALS           9.3R               0.6     8.7        T
SINCE 7/1        9.3                0.6     8.7       MM
SNOWDEPTH AVG.     0                                   0
DAYS >= 1.0        1                0.1     0.9        0
GREATEST
 SNOW DEPTH        7   10/21                           0  MM
 24 HR TOTAL      MM

DEGREE DAYS
HEATING TOTAL    662                507     155      581
 SINCE 7/1       819                679     140      641
COOLING TOTAL      3                  6      -3        0
 SINCE 1/1       948                753     195      817
................................................................

WIND (MPH)
AVERAGE WIND SPEED              9.7
HIGHEST WIND SPEED/DIRECTION    36/310    DATE  10/31
HIGHEST GUST SPEED/DIRECTION    52/310    DATE  10/31

SKY COVER
POSSIBLE SUNSHINE (PERCENT)   MM
AVERAGE SKY COVER           0.59
NUMBER OF DAYS FAIR            8
NUMBER OF DAYS PC             11
NUMBER OF DAYS CLOUDY         12

AVERAGE RH (PERCENT)     64

WEATHER CONDITIONS. NUMBER OF DAYS WITH
THUNDERSTORM              3     MIXED PRECIP               0
HEAVY RAIN                2     RAIN                       3
LIGHT RAIN               10     FREEZING RAIN              0
LT FREEZING RAIN          0     HAIL                       0
HEAVY SNOW                1     SNOW                       3
LIGHT SNOW                6     SLEET                      1
FOG                      11     FOG W/VIS <= 1/4 MILE      1
HAZE                      3

-  INDICATES NEGATIVE NUMBERS.
R  INDICATES RECORD WAS SET OR TIED.
MM INDICATES DATA IS MISSING.
T  INDICATES TRACE AMOUNT.

$$
