000
CXUS51 KBTV 011448
CLMMSS

CLIMATE REPORT
NATIONAL WEATHER SERVICE BURLINGTON VT
948 AM EST SUN NOV 01 2020

...................................

...THE MASSENA NY CLIMATE SUMMARY FOR THE MONTH OF OCTOBER 2020...

CLIMATE NORMAL PERIOD: 1981 TO 2010
CLIMATE RECORD PERIOD: 1948 TO 2020

WEATHER         OBSERVED          NORMAL  DEPART   LAST YEAR`S
                VALUE   DATE(S)   VALUE   FROM     VALUE DATE(S)
                                          NORMAL
................................................................
TEMPERATURE (F)
RECORD
 HIGH             85
 LOW              15
HIGHEST           79   10/23         MM      MM       69  10/01
LOWEST            15R  10/31         MM      MM       28  10/05
AVG. MAXIMUM    56.9               56.2     0.7     59.5
AVG. MINIMUM    36.0               36.4    -0.4     38.3
MEAN            46.5               46.3     0.2     48.9
DAYS MAX >= 90     0                0.0     0.0        0
DAYS MAX <= 32     0                0.0     0.0        0
DAYS MIN <= 32     7                9.7    -2.7        8
DAYS MIN <= 0      0                0.0     0.0        0

PRECIPITATION (INCHES)
RECORD
 MAXIMUM        7.82   2019
 MINIMUM        0.44   1963
TOTALS          3.69               3.31    0.38     7.82
DAILY AVG.      0.12               0.11    0.01     0.25
DAYS >= .01       15               12.3     2.7       16
DAYS >= .10       11                7.1     3.9        7
DAYS >= .50        2                1.8     0.2        6
DAYS >= 1.00       0                0.7    -0.7        3
GREATEST
 24 HR. TOTAL   0.97   10/19 TO 10/20               2.25  10/31 TO 10/31
 STORM TOTAL    0.75                                2.25
 (MM/DD(HH))            MM


DEGREE DAYS
HEATING TOTAL    565                581     -16      495
 SINCE 7/1       849                883     -34       MM
COOLING TOTAL      0                  2      -2        0
 SINCE 1/1       583                363     220       MM
................................................................

WIND (MPH)
AVERAGE WIND SPEED              7.2
HIGHEST WIND SPEED/DIRECTION    32/220    DATE  10/10
HIGHEST GUST SPEED/DIRECTION    44/210    DATE  10/10

SKY COVER
POSSIBLE SUNSHINE (PERCENT)   MM
AVERAGE SKY COVER           0.58
NUMBER OF DAYS FAIR            9
NUMBER OF DAYS PC             12
NUMBER OF DAYS CLOUDY         10

AVERAGE RH (PERCENT)     72

WEATHER CONDITIONS. NUMBER OF DAYS WITH
THUNDERSTORM              3     MIXED PRECIP               0
HEAVY RAIN                5     RAIN                       6
LIGHT RAIN               17     FREEZING RAIN              1
LT FREEZING RAIN          1     HAIL                       0
HEAVY SNOW                0     SNOW                       0
LIGHT SNOW                0     SLEET                      0
FOG                      20     FOG W/VIS <= 1/4 MILE      5
HAZE                      1

-  INDICATES NEGATIVE NUMBERS.
R  INDICATES RECORD WAS SET OR TIED.
MM INDICATES DATA IS MISSING.
T  INDICATES TRACE AMOUNT.

$$
