000
CXUS55 KGJT 012039
CLMMTJ


CLIMATE REPORT
NATIONAL WEATHER SERVICE GRAND JUNCTION CO
110 PM MST SUN NOV 1 2020

...................................

...THE MONTROSE CO CLIMATE SUMMARY FOR THE MONTH OF OCTOBER 2020...

CLIMATE NORMAL PERIOD 1981 TO 2010
CLIMATE RECORD PERIOD 9999 TO 9999

WEATHER         OBSERVED          NORMAL  DEPART  LAST YEAR`S
                 VALUE   DATE(S)  VALUE   FROM    VALUE  DATE(S)
                                          NORMAL
................................................................
TEMPERATURE (F)
HIGHEST            82   10/08        MM      MM       78  10/03
                                                          10/01
LOWEST              1   10/27        MM      MM        8  10/31
AVG. MAXIMUM     68.5              64.8     3.7     60.9
AVG. MINIMUM     33.5              35.3    -1.8     29.2
MEAN             51.0              50.0     1.0     45.1
DAYS MAX >= 90      0               0.0     0.0        0
DAYS MAX <= 32      2               0.0     2.0        1
DAYS MIN <= 32      9              10.0    -1.0       20
DAYS MIN <= 0       0               0.0     0.0        0

PRECIPITATION (INCHES)
TOTALS           0.42              1.19   -0.77     0.23
DAILY AVG.       0.01              0.04   -0.03     0.01
DAYS >= .01         2                MM      MM        4
DAYS >= .10         1                MM      MM        1
DAYS >= .50         0                MM      MM        0
DAYS >= 1.00        0                MM      MM        0
GREATEST
 24 HR. TOTAL    0.35   10/25 TO 10/25              0.15

SNOWFALL (INCHES)
TOTALS             MM                MM      MM       MM
SINCE 7/1          MM                MM      MM       MM
SNOWDEPTH AVG.     MM                MM      MM       MM
DAYS >= 1.0        MM                MM      MM       MM
GREATEST
 SNOW DEPTH        MM                                 MM  MM
 24 HR TOTAL       MM                                 MM

DEGREE_DAYS
HEATING TOTAL     426               464     -38      611
 SINCE 7/1        541               591     -50      661
COOLING TOTAL       0                 0       0        0
 SINCE 1/1        896               643     253      797
.................................................................

WIND (MPH)
AVERAGE WIND SPEED              7.4
HIGHEST WIND SPEED/DIRECTION    36/310    DATE  10/25
HIGHEST GUST SPEED/DIRECTION    50/340    DATE  10/11

SKY COVER
POSSIBLE SUNSHINE (PERCENT)   MM
AVERAGE SKY COVER           0.00
NUMBER OF DAYS FAIR           29
NUMBER OF DAYS PC              1
NUMBER OF DAYS CLOUDY          1

AVERAGE RH (PERCENT)     39

WEATHER CONDITIONS. NUMBER OF DAYS WITH
THUNDERSTORM              0     MIXED PRECIP                0
HEAVY RAIN                0     RAIN                        0
LIGHT RAIN                2     FREEZING RAIN               0
LT FREEZING RAIN          0     HAIL                        0
HEAVY SNOW                1     SNOW                        1
LIGHT SNOW                3     SLEET                       0
FOG                       3     FOG W/VIS <= 1/4 MILE       1
HAZE                      4


-  INDICATES NEGATIVE NUMBERS.
R  INDICATES RECORD WAS SET OR TIED.
MM INDICATES DATA IS MISSING.
T  INDICATES TRACE AMOUNT.

$$
