000
CXUS53 KILX 011146
CLMMTO

CLIMATE REPORT
NATIONAL WEATHER SERVICE LINCOLN IL
646 AM CDT TUE JUN 01 2021

...................................

...THE MATTOON IL AIRPORT CLIMATE SUMMARY FOR THE MONTH OF MAY 2021...

CLIMATE NORMAL PERIOD 1991 TO 2020
CLIMATE RECORD PERIOD 9999 TO 9999

WEATHER         OBSERVED          NORMAL  DEPART   LAST YEAR`S
                VALUE   DATE(S)   VALUE   FROM     VALUE
                                          NORMAL
..............................................................
TEMPERATURE (F)
RECORD
 HIGH             MM   MM
 LOW              34   05/10/2021
HIGHEST           85   05/23         MM      MM       86
                       05/24
                       05/25
LOWEST            34R  05/10         MM      MM       31
                       05/12
AVG. MAXIMUM    71.3               73.9    -2.6     70.2
AVG. MINIMUM    51.0               54.0    -3.0     52.1
MEAN            61.2               63.9    -2.7     61.1
DAYS MAX >= 90     0                0.4    -0.4        0
DAYS MAX <= 32     0                0.0     0.0        0
DAYS MIN <= 32     0                0.2    -0.2        1
DAYS MIN <= 0      0                0.0     0.0        0

PRECIPITATION (INCHES)
RECORD
 MAXIMUM          MM   MM
 MINIMUM          MM   MM
TOTALS          5.76               3.86    1.90     3.16
DAILY AVG.      0.19               0.12    0.07     0.11
DAYS >= .01       12               11.9     0.1       13
DAYS >= .10        9                7.6     1.4       10
DAYS >= .50        1                2.2    -1.2        2
DAYS >= 1.00       1                0.9     0.1        0
GREATEST
 24 HR. TOTAL   3.38   05/16 TO 05/17               0.68


DEGREE DAYS
HEATING TOTAL    190                124      66      186
 SINCE 7/1      5151               5285    -134     5083
COOLING TOTAL     81                 91     -10       73
 SINCE 1/1       100                106      -6       85
..............................................................

WIND (MPH)
AVERAGE WIND SPEED              7.8
HIGHEST WIND SPEED/DIRECTION    33/310    DATE  05/07
HIGHEST GUST SPEED/DIRECTION    44/310    DATE  05/07

AVERAGE RH (PERCENT)     70

WEATHER CONDITIONS. NUMBER OF DAYS WITH
THUNDERSTORM              8     MIXED PRECIP               0
HEAVY RAIN                8     RAIN                       9
LIGHT RAIN               20     FREEZING RAIN              0
LT FREEZING RAIN          0     HAIL                       0
HEAVY SNOW                0     SNOW                       0
LIGHT SNOW                0     SLEET                      0
FOG                      15     FOG W/VIS <= 1/4 MILE      1
HAZE                      1

-  INDICATES NEGATIVE NUMBERS.
R  INDICATES RECORD WAS SET OR TIED.
MM INDICATES DATA IS MISSING.
T  INDICATES TRACE AMOUNT.

$$
