089
CXUS56 KOTX 011118
CLMMWH

CLIMATE REPORT
NATIONAL WEATHER SERVICE SPOKANE WA
418 AM PDT TUE JUN 01 2021

...................................

...THE MOSES LAKE WA AIRPORT CLIMATE SUMMARY FOR THE MONTH OF MAY 2021...

CLIMATE NORMAL PERIOD 1991 TO 2020
CLIMATE RECORD PERIOD 9999 TO 9999

WEATHER         OBSERVED          NORMAL  DEPART   LAST YEAR`S
                VALUE   DATE(S)   VALUE   FROM     VALUE DATE(S)
                                          NORMAL
................................................................
TEMPERATURE (F)
RECORD
 HIGH             MM   MM
 LOW              MM   MM
HIGHEST           91   05/31         MM      MM       95  05/29
LOWEST            37   05/05         MM      MM       34  05/04
                       05/10
AVG. MAXIMUM    77.7               73.7     4.0     75.9
AVG. MINIMUM    45.8               45.4     0.4     48.8
MEAN            61.7               59.5     2.2     62.4
DAYS MAX >= 90     2                1.7     0.3        3
DAYS MAX <= 32     0                0.0     0.0        0
DAYS MIN <= 32     0                1.1    -1.1        0
DAYS MIN <= 0      0                0.0     0.0        0

PRECIPITATION (INCHES)
RECORD
 MAXIMUM          MM   MM
 MINIMUM          MM   MM
TOTALS          0.06               0.72   -0.66     0.90
DAILY AVG.      0.00               0.02   -0.02     0.03
DAYS >= .01        1                6.2    -5.2        7
DAYS >= .10        0                2.2    -2.2        3
DAYS >= .50        0                0.2    -0.2        0
DAYS >= 1.00       0                0.0     0.0        0
GREATEST
 24 HR. TOTAL   0.06   05/20 TO 05/20               0.42


DEGREE DAYS
HEATING TOTAL    126                196     -70      118
 SINCE 7/1      4841               5734    -893     5164
COOLING TOTAL     32                 27       5       44
 SINCE 1/1        35                 28       7       44
................................................................

WIND (MPH)
AVERAGE WIND SPEED              8.2
HIGHEST WIND SPEED/DIRECTION    35/240    DATE  05/27
HIGHEST GUST SPEED/DIRECTION    47/230    DATE  05/27

SKY COVER
POSSIBLE SUNSHINE (PERCENT)   MM
AVERAGE SKY COVER           0.12
NUMBER OF DAYS FAIR           30
NUMBER OF DAYS PC              1
NUMBER OF DAYS CLOUDY          0

AVERAGE RH (PERCENT)     41

WEATHER CONDITIONS. NUMBER OF DAYS WITH
THUNDERSTORM              0     MIXED PRECIP               0
HEAVY RAIN                0     RAIN                       0
LIGHT RAIN                3     FREEZING RAIN              0
LT FREEZING RAIN          0     HAIL                       0
HEAVY SNOW                0     SNOW                       0
LIGHT SNOW                0     SLEET                      0
FOG                       0     FOG W/VIS <= 1/4 MILE      0
HAZE                      2

-  INDICATES NEGATIVE NUMBERS.
R  INDICATES RECORD WAS SET OR TIED.
MM INDICATES DATA IS MISSING.
T  INDICATES TRACE AMOUNT.

$$
