072
CXUS56 KOTX 011850
CLMMWH

CLIMATE REPORT
NATIONAL WEATHER SERVICE SPOKANE WA
1050 AM PST SUN NOV 01 2020

...................................

...THE MOSES LAKE WA AIRPORT CLIMATE SUMMARY FOR THE MONTH OF OCTOBER 2020...

CLIMATE NORMAL PERIOD 1981 TO 2010
CLIMATE RECORD PERIOD 9999 TO 9999

WEATHER         OBSERVED          NORMAL  DEPART   LAST YEAR`S
                VALUE   DATE(S)   VALUE   FROM     VALUE DATE(S)
                                          NORMAL
................................................................
TEMPERATURE (F)
RECORD
 HIGH             MM   MM
 LOW              18   10/27/2020
HIGHEST           84   10/04         MM      MM       73  10/25
                       10/06
                       10/07
LOWEST            18R  10/27         MM      MM       15  10/30
AVG. MAXIMUM    66.1               62.8     3.3     59.2
AVG. MINIMUM    39.4               35.8     3.6     33.5
MEAN            52.7               49.3     3.4     46.3
DAYS MAX >= 90     0                0.0     0.0        0
DAYS MAX <= 32     0                0.0     0.0        0
DAYS MIN <= 32     8               10.0    -2.0       14
DAYS MIN <= 0      0                0.0     0.0        0

PRECIPITATION (INCHES)
RECORD
 MAXIMUM          MM   MM
 MINIMUM          MM   MM
TOTALS          0.22               0.65   -0.43     0.50
DAILY AVG.      0.01               0.02   -0.01     0.02
DAYS >= .01        4                 MM      MM        8
DAYS >= .10        0                 MM      MM        1
DAYS >= .50        0                 MM      MM        0
DAYS >= 1.00       0                 MM      MM        0
GREATEST
 24 HR. TOTAL   0.08   10/13 TO 10/13               0.35


DEGREE DAYS
HEATING TOTAL    377                487    -110      571
 SINCE 7/1       427                636    -209      685
COOLING TOTAL      6                  1       5        0
 SINCE 1/1       917                615     302      874
................................................................

WIND (MPH)
AVERAGE WIND SPEED              6.9
HIGHEST WIND SPEED/DIRECTION    39/250    DATE  10/10
HIGHEST GUST SPEED/DIRECTION    49/250    DATE  10/30

SKY COVER
POSSIBLE SUNSHINE (PERCENT)   MM
AVERAGE SKY COVER           0.14
NUMBER OF DAYS FAIR           24
NUMBER OF DAYS PC              6
NUMBER OF DAYS CLOUDY          1

AVERAGE RH (PERCENT)     55

WEATHER CONDITIONS. NUMBER OF DAYS WITH
THUNDERSTORM              0     MIXED PRECIP               0
HEAVY RAIN                0     RAIN                       0
LIGHT RAIN                6     FREEZING RAIN              0
LT FREEZING RAIN          0     HAIL                       0
HEAVY SNOW                0     SNOW                       0
LIGHT SNOW                2     SLEET                      0
FOG                       0     FOG W/VIS <= 1/4 MILE      0
HAZE                      3

-  INDICATES NEGATIVE NUMBERS.
R  INDICATES RECORD WAS SET OR TIED.
MM INDICATES DATA IS MISSING.
T  INDICATES TRACE AMOUNT.

$$
