000
CXUS46 KSTO 021538
CLMMYV

CLIMATE REPORT
NATIONAL WEATHER SERVICE SACRAMENTO
838 AM PDT WED JUN 02 2021

...................................

...THE MARYSVILLE CLIMATE SUMMARY FOR THE MONTH OF MAY 2021...

CLIMATE NORMAL PERIOD: 1991 TO 2020
CLIMATE RECORD PERIOD: 9999 TO 9999

WEATHER         OBSERVED          NORMAL  DEPART   LAST YEAR`S
                VALUE   DATE(S)   VALUE   FROM     VALUE
                                          NORMAL
..............................................................
TEMPERATURE (F)
RECORD
 HIGH             MM   MM
 LOW                   05/25/2014
                       05/19/2011
                       05/07/1916
HIGHEST          107   05/31         MM      MM
LOWEST            45   05/22         MM      MM
AVG. MAXIMUM    87.2               81.9     5.3
AVG. MINIMUM    54.3               52.4     1.9
MEAN            70.7               67.1     3.6
DAYS MAX >= 90    11                7.1     3.9
DAYS MAX <= 32     0                0.0     0.0
DAYS MIN <= 32     0                0.0     0.0
DAYS MIN <= 0      0                0.0     0.0

PRECIPITATION (INCHES)
RECORD
 MAXIMUM          MM   MM
 MINIMUM          MM   MM
TOTALS          0.00               0.93   -0.93     0.86
DAYS >= .01        0
DAYS >= .10        0
DAYS >= .50        0
DAYS >= 1.00       0

SNOWFALL (INCHES)
RECORDS
 TOTAL            MM   MM
 24 HR TOTAL      MM
TOTALS            MM                 MM      MM
 LIQUID EQUIV     MM                 MM      MM
SINCE 7/1         MM                 MM      MM
 LIQUID 7/1       MM
DAYS >= TRACE     MM                 MM      MM
DAYS >= 1.0       MM                 MM      MM
GREATEST
 SNOW DEPTH       MM
 24 HR TOTAL      MM
 STORM TOTAL      MM
 (MM/DD(HH))

DEGREE DAYS
HEATING TOTAL      9                 49     -40
 SINCE 7/1      2294               2546    -252
COOLING TOTAL    195                116      79
 SINCE 1/1       212                136      76

FREEZE DATES
RECORD
 EARLIEST     MM
 LATEST       MM
EARLIEST                        11/01
LATEST                          02/23
..............................................................

WIND (MPH)
AVERAGE WIND SPEED              9.0
HIGHEST WIND SPEED/DIRECTION    35/330    DATE  05/08
HIGHEST GUST SPEED/DIRECTION    42/330    DATE  05/08

SKY COVER
POSSIBLE SUNSHINE (PERCENT)   MM
AVERAGE SKY COVER           0.02
NUMBER OF DAYS FAIR           31
NUMBER OF DAYS PC              0
NUMBER OF DAYS CLOUDY          0

AVERAGE RH (PERCENT)     42

WEATHER CONDITIONS. NUMBER OF DAYS WITH
THUNDERSTORM              0     MIXED PRECIP               0
HEAVY RAIN                0     RAIN                       0
LIGHT RAIN                0     FREEZING RAIN              0
LT FREEZING RAIN          0     HAIL                       0
HEAVY SNOW                0     SNOW                       0
LIGHT SNOW                0     SLEET                      0
FOG                       0     FOG W/VIS <= 1/4 MILE      0
HAZE                      0

-  INDICATES NEGATIVE NUMBERS.
R  INDICATES RECORD WAS SET OR TIED.
MM INDICATES DATA IS MISSING.
T  INDICATES TRACE AMOUNT.

$$
