000
CXUS53 KLIX 011530
CLMNEW

CLIMATE REPORT
NATIONAL WEATHER SERVICE NEW ORLEANS
930 AM CST TUE DEC 01 2020

...................................

...THE NEW ORLEANS CLIMATE SUMMARY FOR THE MONTH OF NOVEMBER 2020...

CLIMATE NORMAL PERIOD: 1981 TO 2010
CLIMATE RECORD PERIOD: 1946 TO 2020

WEATHER         OBSERVED          NORMAL  DEPART   LAST YEAR`S
                VALUE   DATE(S)   VALUE   FROM     VALUE DATE(S)
                                          NORMAL
................................................................
TEMPERATURE (F)
RECORD
 HIGH             98   11/09/2010
 LOW              24   11/25/1970
HIGHEST           83   11/15         MM      MM       84  11/30
LOWEST            45   11/30         MM      MM       34  11/13
AVG. MAXIMUM    75.2               71.8     3.4     71.0
AVG. MINIMUM    59.4               53.5     5.9     50.2
MEAN            67.3               62.7     4.6     60.6
DAYS MAX >= 90     0                0.0     0.0        0
DAYS MAX <= 32     0                0.0     0.0        0
DAYS MIN <= 32     0                0.2    M0.2        0
DAYS MIN <= 0      0                0.0     0.0        0

PRECIPITATION (INCHES)
RECORD
 MAXIMUM       19.81   1989
 MINIMUM        0.06   2017
TOTALS          6.39               4.49    1.90     0.29
DAILY AVG.      0.21               0.15    0.06     0.01
DAYS >= .01        8                7.9     0.1        6
DAYS >= .10        4                5.1    M1.1        1
DAYS >= .50        2                2.9    M0.9        0
DAYS >= 1.00       2                1.4     0.6        0
GREATEST
 24 HR. TOTAL   3.68   11/25 TO 11/25               0.17  11/23 TO 11/23

SNOWFALL (INCHES)
RECORDS
 TOTAL            MM   MM
 24 HR TOTAL      MM
 SNOW DEPTH       MM   MM
TOTALS           0.0                0.0     0.0      0.0
SINCE 7/1        0.0                0.0     0.0       MM
SNOWDEPTH AVG.    MM                                   0
DAYS >= TRACE      0                0.0     0.0        0
DAYS >= 1.0        0                0.0     0.0        0
GREATEST
 SNOW DEPTH       MM                                   0  MM
 24 HR TOTAL      MM    MM                           0.0

DEGREE DAYS
HEATING TOTAL     43                139     M96      169
 SINCE 7/1        53                164    M111       MM
COOLING TOTAL    117                 69      48       47
 SINCE 1/1      3718               2978     740       MM
................................................................

WIND (MPH)
AVERAGE WIND SPEED              7.6
HIGHEST WIND SPEED/DIRECTION    26/300    DATE  11/29
HIGHEST GUST SPEED/DIRECTION    40/180    DATE  11/29

SKY COVER
POSSIBLE SUNSHINE (PERCENT)   MM
AVERAGE SKY COVER           0.45
NUMBER OF DAYS FAIR           15
NUMBER OF DAYS PC              7
NUMBER OF DAYS CLOUDY          8

AVERAGE RH (PERCENT)     70

WEATHER CONDITIONS. NUMBER OF DAYS WITH
THUNDERSTORM              2     MIXED PRECIP              MM
HEAVY RAIN                4     RAIN                       3
LIGHT RAIN                8     FREEZING RAIN             MM
LT FREEZING RAIN         MM     HAIL                      MM
HEAVY SNOW               MM     SNOW                      MM
LIGHT SNOW               MM     SLEET                     MM
FOG                      15     FOG W/VIS <= 1/4 MILE      2
HAZE                      9

M  INDICATES NEGATIVE NUMBERS.
R  INDICATES RECORD WAS SET OR TIED.
MM INDICATES DATA IS MISSING.
T  INDICATES TRACE AMOUNT.

$$
