935
CXUS51 KOKX 030133
CLMNYC

CLIMATE REPORT
NATIONAL WEATHER SERVICE NEW YORK, NY
917 PM EDT WED JUN 02 2021

...................................

...THE CENTRAL PARK NY CLIMATE SUMMARY FOR THE MONTH OF MAY 2021...

CLIMATE NORMAL PERIOD 1991 TO 2020
CLIMATE RECORD PERIOD 1869 TO 2021

WEATHER         OBSERVED          NORMAL  DEPART   LAST YEAR`S
                VALUE   DATE(S)   VALUE   FROM     VALUE DATE(S)
                                          NORMAL
................................................................
TEMPERATURE (F)
RECORD
 HIGH             99   05/19/1962
 LOW              32   05/06/1891
HIGHEST           89   05/22         MM      MM       84  05/15
LOWEST            42   05/01         MM      MM       34  05/09
AVG. MAXIMUM    71.7               71.4     0.3     69.2
AVG. MINIMUM    54.0               55.0    -1.0     51.4
MEAN            62.9               63.2    -0.3     60.3
DAYS MAX >= 90     0                1.0    -1.0        0
DAYS MAX <= 32     0                0.0     0.0        0
DAYS MIN <= 32     0                0.0     0.0        0
DAYS MIN <= 0      0                0.0     0.0        0

PRECIPITATION (INCHES)
RECORD
 MAXIMUM       10.24   1989
 MINIMUM        0.30   1903
TOTALS          4.36               3.96    0.40     1.65
DAILY AVG.      0.14               0.13    0.01     0.05
DAYS >= .01       13               11.5     1.5       12
DAYS >= .10        7                7.3    -0.3        3
DAYS >= .50        3                2.7     0.3        1
DAYS >= 1.00       1                1.0     0.0        0
GREATEST
 24 HR. TOTAL   1.66   05/28 TO 05/29               0.71  04/30 TO 05/01
 STORM TOTAL    1.22                                  MM
 (MM/DD(HH))            MM

SNOWFALL (INCHES)
TOTALS           0.0                0.0     0.0        T
 LIQUID EQUIV   0.00               0.00    0.00       MM
SINCE 7/1       38.6               29.8     8.8       MM
 LIQUID 7/1     3.86               2.90    0.96       MM
SNOWDEPTH AVG.     0                                   0
DAYS >= TRACE      0                0.0     0.0        1
DAYS >= 1.0        0                0.0     0.0        0
GREATEST
 SNOW DEPTH        0                                   0  MM
 24 HR TOTAL      MM                                   T  05/09 TO 05/09
 STORM TOTAL     0.0                                  MM
 (MM/DD(HH))            MM

DEGREE DAYS
HEATING TOTAL    138                122      16      183
 SINCE 7/1      4233               4537    -304     4271
COOLING TOTAL     79                 66      13       44
 SINCE 1/1        87                 81       6       44
................................................................

WIND (MPH)
AVERAGE WIND SPEED              5.2
HIGHEST WIND SPEED/DIRECTION    24/070    DATE  05/28
HIGHEST GUST SPEED/DIRECTION    36/070    DATE  05/28

AVERAGE RH (PERCENT)     55

WEATHER CONDITIONS. NUMBER OF DAYS WITH
THUNDERSTORM              1     MIXED PRECIP               0
HEAVY RAIN                3     RAIN                       6
LIGHT RAIN               14     FREEZING RAIN              0
LT FREEZING RAIN          0     HAIL                       0
HEAVY SNOW                0     SNOW                       0
LIGHT SNOW                0     SLEET                      0
FOG                      12     FOG W/VIS <= 1/4 MILE      0
HAZE                      4

-  INDICATES NEGATIVE NUMBERS.
R  INDICATES RECORD WAS SET OR TIED.
MM INDICATES DATA IS MISSING.
T  INDICATES TRACE AMOUNT.

$$
