000
CXUS51 KOKX 031126
CLMNYC

NYCCLMNYC 000
TTAA00 KOKX 011625


CLIMATE REPORT
NATIONAL WEATHER SERVICE NEW YORK NY
1124 AM EST SUN NOV 1 2020

...................................

...THE CENTRAL PARK NY CLIMATE SUMMARY FOR THE MONTH OF OCTOBER 2020...

CLIMATE NORMAL PERIOD 1981 TO 2010
CLIMATE RECORD PERIOD 1869 TO 2020

WEATHER         OBSERVED          NORMAL  DEPART  LAST YEAR`S
                 VALUE   DATE(S)  VALUE   FROM    VALUE  DATE(S)
                                          NORMAL
................................................................
TEMPERATURE (F)
RECORD
 HIGH              94   10/05/1941
 LOW               28   10/27/1936
HIGHEST            74   10/07        MM      MM       93  10/02
LOWEST             32   10/31        MM      MM       43  10/19
AVG. MAXIMUM     63.9              63.8     0.1     66.3
AVG. MINIMUM     51.8              50.0     1.8     53.6
MEAN             57.9              56.9     1.0     59.9
DAYS MAX >= 90      0               0.0     0.0        1
DAYS MAX <= 32      0               0.0     0.0        0
DAYS MIN <= 32      1               0.0     1.0        0
DAYS MIN <= 0       0               0.0     0.0        0

PRECIPITATION (INCHES)
RECORD
 MAXIMUM        16.73   2005
 MINIMUM         0.14   1963
TOTALS           5.05              4.40    0.65     6.15
DAILY AVG.       0.16              0.14    0.02     0.20
DAYS >= .01        11               8.9     2.1       15
DAYS >= .10         6               5.7     0.3        8
DAYS >= .50         4               2.7     1.3        6
DAYS >= 1.00        2               1.4     0.6        2
GREATEST
 24 HR. TOTAL    1.53   10/29 TO 10/29           10/16 TO 10/16


 STORM TOTAL       MM                                 MM
 (MM/DD(HH))            MM                    10/16(00) TO 10/16(00)



SNOWFALL (INCHES)
TOTALS            0.0               0.0     0.0      0.0
 LIQUID EQUIV    0.00                 T    0.00     0.00
SINCE 7/1         0.0               0.0     0.0      0.0
 LIQUID 7/1      0.00              0.00    0.00     0.00
SNOWDEPTH AVG.      0                MM      MM        0
DAYS >= TRACE       0               0.0     0.0        0
DAYS >= 1.0         0               0.0     0.0        0
GREATEST
 SNOW DEPTH         0   MM                             0  MM
 24 HR TOTAL      0.0   10/31 TO 10/31           10/31 TO 10/31

 STORM TOTAL       MM                                 MM
 (MM/DD(HH))            MM                    10/31(00) TO 10/31(00)


DEGREE_DAYS
HEATING TOTAL     220               268     -48      176
 SINCE 7/1        256               313     -57      184
COOLING TOTAL       5                17     -12       25
 SINCE 1/1       1327              1104     223     1268
.................................................................

WIND (MPH)
AVERAGE WIND SPEED              4.3
HIGHEST WIND SPEED/DIRECTION    20/040    DATE  10/30
HIGHEST GUST SPEED/DIRECTION    35/020    DATE  10/30

AVERAGE RH (PERCENT)     73

WEATHER CONDITIONS. NUMBER OF DAYS WITH
THUNDERSTORM              0     MIXED PRECIP               0
HEAVY RAIN                2     RAIN                       5
LIGHT RAIN               12     FREEZING RAIN              0
LT FREEZING RAIN          0     HAIL                       0
HEAVY SNOW                0     SNOW                       0
LIGHT SNOW                0     SLEET                      0
FOG                      14     FOG W/VIS <= 1/4 MILE      1
HAZE                      2

-  INDICATES NEGATIVE NUMBERS.
R  INDICATES RECORD WAS SET OR TIED.
MM INDICATES DATA IS MISSING.
T  INDICATES TRACE AMOUNT.

$$
