000
CXUS55 KPSR 011051 CCA
CLMNYL

CLIMATE REPORT
NATIONAL WEATHER SERVICE PHOENIX AZ
343 AM MST SUN NOV 01 2020

...................................

...THE YUMA AZ CLIMATE SUMMARY FOR THE MONTH OF OCTOBER 2020...

CLIMATE NORMAL PERIOD 1981 TO 2010
CLIMATE RECORD PERIOD 1876 TO 2020

WEATHER         OBSERVED          NORMAL  DEPART   LAST YEAR`S
                VALUE   DATE(S)   VALUE   FROM     VALUE
                                          NORMAL
..............................................................
TEMPERATURE (F)
RECORD
 HIGH            112   10/02/1980
 LOW              35   10/30/1971
HIGHEST          108   10/01        102       6
LOWEST            48   10/28         54      -6
AVG. MAXIMUM    96.0               89.9     6.1
AVG. MINIMUM    66.5               65.0     1.5
MEAN            81.3               77.5     3.8
DAYS MAX >= 90    23               16.4     6.6
DAYS MAX >= 100   16
DAYS MAX >= 110    0
DAYS MIN <= 32     0                0.0     0.0
DAYS MIN >= 90     0

PRECIPITATION (INCHES)
RECORD
 MAXIMUM        3.39   1932
 MINIMUM        0.00   2019
TOTALS          0.00R              0.21   -0.21
DAYS >= .01        0                1.1    -1.1
DAYS >= .10        0                0.6    -0.6
DAYS >= .50        0                0.1    -0.1
DAYS >= 1.00       0                0.0     0.0
GREATEST
 24 HR. TOTAL   0.00   10/01 TO 10/01


DEGREE DAYS
HEATING TOTAL      6                  2       4
 SINCE 7/1         6                  0       6
COOLING TOTAL    491                388     103
 SINCE 1/1      4844               4562     282
..............................................................

WIND (MPH)
AVERAGE WIND SPEED              5.0
HIGHEST GUST SPEED/DIRECTION    44/360    DATE  10/26

AVERAGE RH (PERCENT)     29

WEATHER CONDITIONS. NUMBER OF DAYS WITH
THUNDERSTORM              0     HEAVY RAIN                 0
RAIN                      0     LIGHT RAIN                 0
FOG W/VIS <= 1/4 MILE     0

-  INDICATES NEGATIVE NUMBERS.
R  INDICATES RECORD WAS SET OR TIED.
MM INDICATES DATA IS MISSING.
T  INDICATES TRACE AMOUNT.

$$
