074
CXUS56 KMTR 010941
CLMOAK

CLIMATE REPORT
NATIONAL WEATHER SERVICE SAN FRANCISCO BAY AREA
141 AM PST SUN NOV 01 2020

...................................

...THE OAKLAND AIRPORT CLIMATE SUMMARY FOR THE MONTH OF OCTOBER 2020...

CLIMATE NORMAL PERIOD: 1981 TO 2010
CLIMATE RECORD PERIOD: 1948 TO 2020

WEATHER         OBSERVED          NORMAL  DEPART   LAST YEAR`S
                VALUE   DATE(S)   VALUE   FROM     VALUE DATE(S)
                                          NORMAL
................................................................
TEMPERATURE (F)
RECORD
 HIGH             98   MM
 LOW              42   10/18/2017
                       10/05/2009
                       10/20/2013
HIGHEST           98R  10/15                          91  10/24
LOWEST            45   10/31                          43  10/29
AVG. MAXIMUM    80.1               69.7    10.4     75.0
AVG. MINIMUM    54.7               51.3     3.4     48.6
MEAN            67.4                                61.8
DAYS MAX >= 90     5                                   1
DAYS MAX <= 32     0                                   0
DAYS MIN <= 32     0                                   0
DAYS MIN <= 0      0                                   0

PRECIPITATION (INCHES)
RECORD
 MAXIMUM        8.56   1962
 MINIMUM        0.00   1959
TOTALS             T               1.20   -1.20        T
DAILY AVG.         T               0.04   -0.04        T
DAYS >= .01        0                                   0
DAYS >= .10        0                                   0
DAYS >= .50        0                                   0
DAYS >= 1.00       0                                   0
GREATEST
 24 HR. TOTAL      T   10/08 TO 10/08                  T  10/17 TO 10/17
                       10/09 TO 10/09
                       10/25 TO 10/25


DEGREE DAYS
HEATING TOTAL     23                152    -129      123
 SINCE 7/1        33                351    -318      153
COOLING TOTAL    107                 12      95       31
 SINCE 1/1       573                137     436      395
................................................................

WIND (MPH)
AVERAGE WIND SPEED              5.9
RESULTANT WIND SPEED/DIRECTION   4/310
HIGHEST WIND SPEED/DIRECTION    44/030    DATE  10/25
HIGHEST GUST SPEED/DIRECTION    57/030    DATE  10/25

SKY COVER
POSSIBLE SUNSHINE (PERCENT)   MM
AVERAGE SKY COVER           0.28
NUMBER OF DAYS FAIR           19
NUMBER OF DAYS PC             10
NUMBER OF DAYS CLOUDY          2

AVERAGE RH (PERCENT)     58

WEATHER CONDITIONS. NUMBER OF DAYS WITH
THUNDERSTORM              0     MIXED PRECIP               0
HEAVY RAIN                0     RAIN                       0
LIGHT RAIN                3     FREEZING RAIN              0
LT FREEZING RAIN          0     HAIL                       0
HEAVY SNOW                0     SNOW                       0
LIGHT SNOW                0     SLEET                      0
FOG                      13     FOG W/VIS <= 1/4 MILE      2
HAZE                     13

-  INDICATES NEGATIVE NUMBERS.
R  INDICATES RECORD WAS SET OR TIED.
MM INDICATES DATA IS MISSING.
T  INDICATES TRACE AMOUNT.

$$
