434
CXUS53 KOAX 021452
CLMOAX

CLIMATE REPORT
NATIONAL WEATHER SERVICE OMAHA/VALLEY NE
852 AM CST MON NOV 02 2020

...................................

...THE VALLEY NWS NE CLIMATE SUMMARY FOR THE MONTH OF OCTOBER 2020...

CLIMATE NORMAL PERIOD 1981 TO 2010
CLIMATE RECORD PERIOD 1997 TO 2020

WEATHER         OBSERVED          NORMAL  DEPART
                VALUE   DATE(S)   VALUE   FROM
                                          NORMAL
................................................
TEMPERATURE (F)
HIGHEST           86   10/09
                       10/11
LOWEST            19   10/26
AVG. MAXIMUM    60.3               64.3    -4.0
AVG. MINIMUM    38.7               41.9    -3.2
MEAN            49.5               53.1    -3.6
DAYS MAX >= 90     0
DAYS MAX <= 32     1
DAYS MIN <= 32     8
DAYS MIN <= 0      0

PRECIPITATION (INCHES)
TOTALS          1.26
DAYS >= .01        7
DAYS >= .10        4
DAYS >= .50        1
DAYS >= 1.00       0
GREATEST
 24 HR. TOTAL   0.59   10/11 TO 10/12

SNOWFALL (INCHES)
TOTALS           1.9
SINCE 7/1        1.9
DAYS >= 1.0        1
GREATEST
 SNOW DEPTH        1   10/26
 24 HR TOTAL     1.5   10/25 TO 10/26

DEGREE DAYS
HEATING TOTAL    496
 SINCE 7/1       581
COOLING TOTAL     21
 SINCE 1/1      1312
................................................

WIND (MPH)
HIGHEST GUST SPEED/DIRECTION    47/MM


WEATHER CONDITIONS. NUMBER OF DAYS WITH
THUNDERSTORM              1     MIXED PRECIP               0
HEAVY RAIN                1     RAIN                       1
LIGHT RAIN                8     FREEZING RAIN              0
LT FREEZING RAIN          1     HAIL                       0
HEAVY SNOW                0     SNOW                       0
LIGHT SNOW                4     SLEET                      1
FOG                       4     FOG W/VIS <= 1/4 MILE      0
HAZE                      0

-  INDICATES NEGATIVE NUMBERS.
R  INDICATES RECORD WAS SET OR TIED.
MM INDICATES DATA IS MISSING.
T  INDICATES TRACE AMOUNT.
>= INDICATES GREATER THAN OR EQUAL TO.
<= INDICATES LESS THAN OR EQUAL TO.

$$
