431
CXUS53 KOAX 021452
CLMOFK

CLIMATE REPORT
NATIONAL WEATHER SERVICE OMAHA/VALLEY NE
852 AM CST MON NOV 02 2020

...................................

...THE NORFOLK NE CLIMATE SUMMARY FOR THE MONTH OF OCTOBER 2020...

CLIMATE NORMAL PERIOD 1981 TO 2010
CLIMATE RECORD PERIOD 1888 TO 2020

WEATHER         OBSERVED          NORMAL  DEPART
                VALUE   DATE(S)   VALUE   FROM
                                          NORMAL
................................................
TEMPERATURE (F)
HIGHEST           87   10/06
                       10/09
LOWEST            14   10/27
                       10/24
AVG. MAXIMUM    59.7               63.5    -3.8
AVG. MINIMUM    34.3               38.5    -4.2
MEAN            47.0               51.0    -4.0
DAYS MAX >= 90     0
DAYS MAX <= 32     3
DAYS MIN <= 32    14
DAYS MIN <= 0      0

PRECIPITATION (INCHES)
RECORD
 MAXIMUM        6.81   2007
 MINIMUM           T   1958
TOTALS          0.56               2.07   -1.51
DAYS >= .01        7
DAYS >= .10        2
DAYS >= .50        0
DAYS >= 1.00       0
GREATEST
 24 HR. TOTAL   0.22   10/25 TO 10/25

SNOWFALL (INCHES)
RECORDS
 TOTAL           7.0   1916
TOTALS           4.6                0.8     3.8
SINCE 7/1        4.6
DAYS >= 1.0        1
GREATEST
 SNOW DEPTH        4R  10/26
 24 HR TOTAL     3.7   10/25 TO 10/25

DEGREE DAYS
HEATING TOTAL    566                443     123
 SINCE 7/1       677                585      92
COOLING TOTAL     14                  9       5
 SINCE 1/1      1132                915     217
................................................

WIND (MPH)
AVERAGE WIND SPEED              10.5
HIGHEST WIND SPEED/DIRECTION    41/330    DATE  10/11
HIGHEST GUST SPEED/DIRECTION    57/330    DATE  10/11

SKY COVER
AVERAGE SKY COVER           0.32


WEATHER CONDITIONS. NUMBER OF DAYS WITH
THUNDERSTORM              1     MIXED PRECIP               0
HEAVY RAIN                0     RAIN                       1
LIGHT RAIN                8     FREEZING RAIN              0
LT FREEZING RAIN          0     HAIL                       0
HEAVY SNOW                1     SNOW                       0
LIGHT SNOW                5     SLEET                      0
FOG                      10     FOG W/VIS <= 1/4 MILE      1
HAZE                      4

-  INDICATES NEGATIVE NUMBERS.
R  INDICATES RECORD WAS SET OR TIED.
MM INDICATES DATA IS MISSING.
T  INDICATES TRACE AMOUNT.
>= INDICATES GREATER THAN OR EQUAL TO.
<= INDICATES LESS THAN OR EQUAL TO.

$$
