000
CXUS53 KEAX 011918
CLMOJC

CLIMATE REPORT
NATIONAL WEATHER SERVICE
108 PM CST SUN NOV 01 2020

...................................

...THE JOHNSON COUNTY EXECUTIVE KS CLIMATE SUMMARY FOR THE MONTH OF OCTOBER 2020...

CLIMATE NORMAL PERIOD: 1981 TO 2010
CLIMATE RECORD PERIOD: 9999 TO 9999

WEATHER         OBSERVED          NORMAL  DEPART   LAST YEAR`S
                VALUE   DATE(S)   VALUE   FROM     VALUE DATE(S)
                                          NORMAL
................................................................
TEMPERATURE (F)
HIGHEST           88   10/07         84       4       87  10/01
LOWEST            28   10/26         31      -3       23  10/31
AVG. MAXIMUM    63.6               66.9    -3.3     61.3
AVG. MINIMUM    43.3               47.1    -3.8     41.8
MEAN            53.5               57.0    -3.5     51.5
DAYS MAX >= 90     0                0.1    -0.1        0
DAYS MAX <= 32     0                0.0     0.0        0
DAYS MIN <= 32     4                1.3     2.7        5
DAYS MIN <= 0      0                0.0     0.0        0

PRECIPITATION (INCHES)
TOTALS          1.20R              3.44   -2.24     1.40
DAILY AVG.      0.04               0.11   -0.07     0.05
DAYS >= .01        7                8.4    -1.4        9
DAYS >= .10        5                5.7    -0.7        6
DAYS >= .50        1                2.1    -1.1        0
DAYS >= 1.00       0                0.9    -0.9        0
GREATEST
 24 HR. TOTAL   0.52   10/22 TO 10/23


DEGREE DAYS
HEATING TOTAL    388                276     112      429
 SINCE 7/1       445                325     120       MM
COOLING TOTAL     37                 28       9       21
 SINCE 1/1      1316               1349     -33       MM
................................................................

WIND (MPH)
AVERAGE WIND SPEED              8.5
HIGHEST WIND SPEED/DIRECTION    30/200    DATE  10/17
HIGHEST GUST SPEED/DIRECTION    48/200    DATE  10/17

SKY COVER
POSSIBLE SUNSHINE (PERCENT)   MM
AVERAGE SKY COVER           0.40
NUMBER OF DAYS FAIR           18
NUMBER OF DAYS PC              3
NUMBER OF DAYS CLOUDY         10

AVERAGE RH (PERCENT)     69

WEATHER CONDITIONS. NUMBER OF DAYS WITH
THUNDERSTORM              2     MIXED PRECIP               0
HEAVY RAIN                2     RAIN                       3
LIGHT RAIN                8     FREEZING RAIN              0
LT FREEZING RAIN          1     HAIL                       0
HEAVY SNOW                0     SNOW                       1
LIGHT SNOW                1     SLEET                      0
FOG                      12     FOG W/VIS <= 1/4 MILE      4
HAZE                      0

-  INDICATES NEGATIVE NUMBERS.
R  INDICATES RECORD WAS SET OR TIED.
MM INDICATES DATA IS MISSING.
T  INDICATES TRACE AMOUNT.

$$
