000
CXUS56 KSGX 131808
CLMOKB


CLIMATE REPORT
NATIONAL WEATHER SERVICE SAN DIEGO, CA
1007 AM PST FRI NOV 13 2020

...................................

...THE OCEANSIDE AIRPORT CA CLIMATE SUMMARY FOR THE MONTH OF OCTOBER 2020...

CLIMATE NORMAL PERIOD 1981 TO 2010
CLIMATE RECORD PERIOD 1999 TO 2020

WEATHER         OBSERVED          NORMAL  DEPART  LAST YEAR`S
                 VALUE   DATE(S)  VALUE   FROM    VALUE  DATE(S)
                                          NORMAL
................................................................
TEMPERATURE (F)
RECORD
 HIGH             106   10/24/2017
 LOW               34   10/29/2009
HIGHEST            99   10/01        MM      MM      100  10/24
LOWEST             39   10/26        MM      MM       35  10/31
AVG. MAXIMUM     80.2              73.7     6.5     80.7
AVG. MINIMUM     52.8              52.1     0.7     48.1
MEAN             66.5              62.9     3.6     64.4
DAYS MAX >= 90      4               0.3     3.7        5
DAYS MAX <= 32      0               0.0     0.0        0
DAYS MIN <= 32      0               0.0     0.0        0

PRECIPITATION (INCHES)
RECORD
 MAXIMUM         5.69   2004
 MINIMUM           MM   MM
TOTALS           0.04              0.70   -0.66     0.00
DAILY AVG.       0.00              0.02   -0.02     0.00
DAYS >= .01         1                MM      MM        0
DAYS >= .10         0                MM      MM        0
DAYS >= .50         0                MM      MM        0
DAYS >= 1.00        0                MM      MM        0
GREATEST
 24 HR. TOTAL    0.04   10/25 TO 10/25           10/31 TO 10/31
                                                          10/30 TO 10/30EATHER         OBSERVED          NORMAL  DEPART  LAST YEAR`S
                                                          10/29 TO 10/29EATHER         OBSERVED          NORMAL  DEPART  LAST YEAR`S
 STORM TOTAL       MM                                 MM
 (MM/DD(HH))            MM                    10/31(00) TO 10/31(00)
                                                 10/30(00) TO 10/30(00)9EATHER         OBSERVED          NORMAL  DEPART  LAST YEAR`S
                                                 10/29(00) TO 10/29(00)9EATHER         OBSERVED          NORMAL  DEPART  LAST YEAR`S

DEGREE_DAYS
HEATING TOTAL      38                87     -49       62
 SINCE 7/1         39               102     -63       65
COOLING TOTAL      90                22      68       50
 SINCE 1/1        758               416     342      590

FREEZE DATES
RECORD
 EARLIEST     MM
 LATEST       MM
EARLIEST                        MM
LATEST                          MM
.................................................................

WIND (MPH)
AVERAGE WIND SPEED              3.7
RESULTANT WIND SPEED/DIRECTION   2/257
HIGHEST WIND SPEED/DIRECTION    21/030    DATE  10/26
HIGHEST GUST SPEED/DIRECTION    31/030    DATE  10/26

SKY COVER
POSSIBLE SUNSHINE (PERCENT)   MM
AVERAGE SKY COVER           0.30
NUMBER OF DAYS FAIR           20
NUMBER OF DAYS PC              8
NUMBER OF DAYS CLOUDY          3

AVERAGE RH (PERCENT)     69

WEATHER CONDITIONS. NUMBER OF DAYS WITH
  0
  0
  0
  0
  0
  0
  4
HAZE                     13

-  INDICATES NEGATIVE NUMBERS.
R  INDICATES RECORD WAS SET OR TIED.
MM INDICATES DATA IS MISSING.
T  INDICATES TRACE AMOUNT.

$$
