000
CXUS55 KTWC 020256
CLMOLS

CLIMATE REPORT
NATIONAL WEATHER SERVICE TUCSON AZ
756 PM MST SUN NOV 01 2020

...................................

...THE NOGALES AZ AIRPORT CLIMATE SUMMARY FOR THE MONTH OF OCTOBER 2020...

CLIMATE NORMAL PERIOD 1981 TO 2010
CLIMATE RECORD PERIOD 1999 TO 2020

WEATHER         OBSERVED          NORMAL  DEPART   LAST YEAR`S
                VALUE   DATE(S)   VALUE   FROM     VALUE
                                          NORMAL
..............................................................
TEMPERATURE (F)
RECORD
 HIGH             99   MM
 LOW              27   10/27/2020
HIGHEST          100R  10/01         MM      MM
LOWEST            27R  10/27         MM      MM
AVG. MAXIMUM    89.5               82.2     7.3
AVG. MINIMUM    50.4               48.5     1.9
MEAN            69.9               65.3     4.6
DAYS MAX >= 90    21                4.3    16.7        1
DAYS MAX >= 100    1                                   0
DAYS MIN <= 32     2                0.3     1.7        0
DAYS MIN >= 80     0                                   0

PRECIPITATION (INCHES)
RECORD
 MAXIMUM           T   2019
 MINIMUM           T   2019
TOTALS             TR              1.13   -1.13        T
DAILY AVG.         T               0.04   -0.04        T
DAYS >= .01        0                 MM      MM        0
DAYS >= .10        0                 MM      MM        0
DAYS >= .50        0                 MM      MM        0
DAYS >= 1.00       0                 MM      MM        0
GREATEST
 24 HR. TOTAL      T   10/25 TO 10/25                  T


DEGREE DAYS
HEATING TOTAL     59                 67      -8
 SINCE 7/1        59                 67      -8
COOLING TOTAL    220                 78     142
 SINCE 1/1      2542               1834     708
..............................................................

WIND (MPH)
AVERAGE WIND SPEED              4.7
HIGHEST WIND SPEED/DIRECTION    33/210    DATE  10/25
HIGHEST GUST SPEED/DIRECTION    44/220    DATE  10/25

SKY COVER
POSSIBLE SUNSHINE (PERCENT)   MM
AVERAGE SKY COVER           0.02
NUMBER OF DAYS FAIR           23
NUMBER OF DAYS PC              1
NUMBER OF DAYS CLOUDY          0

AVERAGE RH (PERCENT)     29

WEATHER CONDITIONS. NUMBER OF DAYS WITH
THUNDERSTORM              0     MIXED PRECIP               0
HEAVY RAIN                0     RAIN                       0
LIGHT RAIN                1     FREEZING RAIN              0
LT FREEZING RAIN          0     HAIL                       0
HEAVY SNOW                0     SLEET                      0
FOG                       0     FOG W/VIS <= 1/4 MILE      0
HAZE                      0

-  INDICATES NEGATIVE NUMBERS.
R  INDICATES RECORD WAS SET OR TIED.
MM INDICATES DATA IS MISSING.
T  INDICATES TRACE AMOUNT.

$$
