298
CXUS53 KOAX 011248
CLMOMA

CLIMATE REPORT
NATIONAL WEATHER SERVICE OMAHA/VALLEY NE
748 AM CDT TUE JUN 01 2021

...................................

...THE OMAHA NE CLIMATE SUMMARY FOR THE MONTH OF MAY 2021...

CLIMATE NORMAL PERIOD 1991 TO 2020
CLIMATE RECORD PERIOD 1871 TO 2021

WEATHER         OBSERVED          NORMAL  DEPART
                VALUE   DATE(S)   VALUE   FROM
                                          NORMAL
................................................
TEMPERATURE (F)
HIGHEST           88   05/01
LOWEST            34   05/05
AVG. MAXIMUM    71.9               74.6    -2.7
AVG. MINIMUM    52.4               52.7    -0.3
MEAN            62.1               63.6    -1.5
DAYS MAX >= 90     0
DAYS MAX <= 32     0
DAYS MIN <= 32     0
DAYS MIN <= 0      0

PRECIPITATION (INCHES)
RECORD
 MAXIMUM       11.29   1883
 MINIMUM        0.55   1989
TOTALS          3.40               4.66   -1.26
DAYS >= .01       14
DAYS >= .10        8
DAYS >= .50        2
DAYS >= 1.00       0
GREATEST
 24 HR. TOTAL   0.98   05/26 TO 05/27

SNOWFALL (INCHES)
RECORDS
 TOTAL           3.1   2013
TOTALS           0.0                0.1    -0.1
SINCE 7/1       48.0
DAYS >= 1.0        0
GREATEST
 SNOW DEPTH        0
 24 HR TOTAL      MM

DEGREE DAYS
HEATING TOTAL    162                132      30
 SINCE 7/1      5880               5822      58
COOLING TOTAL     79                 90     -11
 SINCE 1/1       107                106       1
................................................

WIND (MPH)
AVERAGE WIND SPEED              10.2
HIGHEST WIND SPEED/DIRECTION    33/100    DATE  05/08
HIGHEST GUST SPEED/DIRECTION    48/100    DATE  05/08

SKY COVER
AVERAGE SKY COVER           0.75


WEATHER CONDITIONS. NUMBER OF DAYS WITH
THUNDERSTORM              7     MIXED PRECIP               0
HEAVY RAIN                2     RAIN                       8
LIGHT RAIN               18     FREEZING RAIN              0
LT FREEZING RAIN          0     HAIL                       0
HEAVY SNOW                0     SNOW                       0
LIGHT SNOW                0     SLEET                      0
FOG                      16     FOG W/VIS <= 1/4 MILE      0
HAZE                      2

-  INDICATES NEGATIVE NUMBERS.
R  INDICATES RECORD WAS SET OR TIED.
MM INDICATES DATA IS MISSING.
T  INDICATES TRACE AMOUNT.

&&

OVERALL, MAY IN OMAHA WAS BOTH COOLER AND DRIER THAN NORMAL. THE
MONTH ENDED UP 1.5 DEGREES BELOW NORMAL FOR AVERAGE TEMPERATURE, AND
1.26 INCHES BELOW NORMAL FOR PRECIPITATION.

NEW DAILY RECORDS FOR MAY 2021

DATE          RECORD            VALUE     PREVIOUS RECORD
NO RECORDS SET

$$
