435
CXUS53 KOAX 021452
CLMOMA

CLIMATE REPORT
NATIONAL WEATHER SERVICE OMAHA/VALLEY NE
852 AM CST MON NOV 02 2020

...................................

...THE OMAHA NE CLIMATE SUMMARY FOR THE MONTH OF OCTOBER 2020...

CLIMATE NORMAL PERIOD 1981 TO 2010
CLIMATE RECORD PERIOD 1871 TO 2020

WEATHER         OBSERVED          NORMAL  DEPART
                VALUE   DATE(S)   VALUE   FROM
                                          NORMAL
................................................
TEMPERATURE (F)
HIGHEST           88   10/09
LOWEST            20   10/26
AVG. MAXIMUM    60.7               64.7    -4.0
AVG. MINIMUM    38.2               41.6    -3.4
MEAN            49.5               53.2    -3.7
DAYS MAX >= 90     0
DAYS MAX <= 32     0
DAYS MIN <= 32     8
DAYS MIN <= 0      0

PRECIPITATION (INCHES)
RECORD
 MAXIMUM        6.23   2007
 MINIMUM           T   1952
TOTALS          1.02               2.15   -1.13
DAYS >= .01       10
DAYS >= .10        3
DAYS >= .50        0
DAYS >= 1.00       0
GREATEST
 24 HR. TOTAL   0.45   10/11 TO 10/12

SNOWFALL (INCHES)
RECORDS
 TOTAL           7.2   1941
TOTALS           1.6                0.3     1.3
SINCE 7/1        1.6
DAYS >= 1.0        0
GREATEST
 SNOW DEPTH        2   10/26
 24 HR TOTAL     1.6   10/25 TO 10/26

DEGREE DAYS
HEATING TOTAL    496                382     114
 SINCE 7/1       579                485      94
COOLING TOTAL     23                 15       8
 SINCE 1/1      1408               1112     296
................................................

WIND (MPH)
AVERAGE WIND SPEED              10.3
HIGHEST WIND SPEED/DIRECTION    45/330    DATE  10/11
HIGHEST GUST SPEED/DIRECTION    60/330    DATE  10/11

SKY COVER
AVERAGE SKY COVER           0.52


WEATHER CONDITIONS. NUMBER OF DAYS WITH
THUNDERSTORM              1     MIXED PRECIP               0
HEAVY RAIN                0     RAIN                       2
LIGHT RAIN                9     FREEZING RAIN              0
LT FREEZING RAIN          1     HAIL                       1
HEAVY SNOW                0     SNOW                       1
LIGHT SNOW                4     SLEET                      2
FOG                      10     FOG W/VIS <= 1/4 MILE      4
HAZE                      1

-  INDICATES NEGATIVE NUMBERS.
R  INDICATES RECORD WAS SET OR TIED.
MM INDICATES DATA IS MISSING.
T  INDICATES TRACE AMOUNT.
>= INDICATES GREATER THAN OR EQUAL TO.
<= INDICATES LESS THAN OR EQUAL TO.

$$
