000
CXUS56 KOTX 011306
CLMOMK

CLIMATE REPORT
NATIONAL WEATHER SERVICE SPOKANE WA
506 AM PST TUE DEC 01 2020

...................................

...THE OMAK WA AIRPORT CLIMATE SUMMARY FOR THE MONTH OF NOVEMBER 2020...

CLIMATE NORMAL PERIOD 1981 TO 2010
CLIMATE RECORD PERIOD 9999 TO 9999

WEATHER         OBSERVED          NORMAL  DEPART   LAST YEAR`S
                VALUE   DATE(S)   VALUE   FROM     VALUE DATE(S)
                                          NORMAL
................................................................
TEMPERATURE (F)
RECORD
 HIGH             70   11/24/1933
 LOW              -6   11/24/2010
HIGHEST           64   11/05         MM      MM       58  11/10
LOWEST            17   11/09         MM      MM       14  11/30
AVG. MAXIMUM    43.4               43.9    -0.5     44.9
AVG. MINIMUM    29.7               27.9     1.8     27.8
MEAN            36.6               35.9     0.7     36.4
DAYS MAX >= 90     0                0.0     0.0        0
DAYS MAX <= 32     0                2.7    -2.7        1
DAYS MIN <= 32    22               20.6     1.4       24
DAYS MIN <= 0      0                0.1    -0.1        0

PRECIPITATION (INCHES)
RECORD
 MAXIMUM        3.76   1944
 MINIMUM           T   1976
TOTALS          1.51               1.61   -0.10     0.28
DAILY AVG.      0.05               0.05   -0.00     0.01
DAYS >= .01       11                 MM      MM        2
DAYS >= .10        4                 MM      MM        1
DAYS >= .50        0                 MM      MM        0
DAYS >= 1.00       0                 MM      MM        0
GREATEST
 24 HR. TOTAL   0.46   11/16 TO 11/16               0.25


DEGREE DAYS
HEATING TOTAL    843                873     -30      853
 SINCE 7/1      1389               1533    -144     1624
COOLING TOTAL      0                  0       0        0
 SINCE 1/1       864                665     199      763
................................................................

WIND (MPH)
AVERAGE WIND SPEED              6.1
HIGHEST WIND SPEED/DIRECTION    33/020    DATE  11/08
HIGHEST GUST SPEED/DIRECTION    43/020    DATE  11/08

SKY COVER
POSSIBLE SUNSHINE (PERCENT)   MM
AVERAGE SKY COVER           0.55
NUMBER OF DAYS FAIR            9
NUMBER OF DAYS PC             12
NUMBER OF DAYS CLOUDY          9

AVERAGE RH (PERCENT)     76

WEATHER CONDITIONS. NUMBER OF DAYS WITH
THUNDERSTORM              0     MIXED PRECIP               0
HEAVY RAIN                0     RAIN                       2
LIGHT RAIN                7     FREEZING RAIN              0
LT FREEZING RAIN          0     HAIL                       0
HEAVY SNOW                0     SNOW                       0
LIGHT SNOW                7     SLEET                      0
FOG                      13     FOG W/VIS <= 1/4 MILE      1
HAZE                      0

-  INDICATES NEGATIVE NUMBERS.
R  INDICATES RECORD WAS SET OR TIED.
MM INDICATES DATA IS MISSING.
T  INDICATES TRACE AMOUNT.

$$
