981
CXUS51 KAKQ 021219
CLMORF


CLIMATE REPORT
NATIONAL WEATHER SERVICE WAKEFIELD, VA
657 AM EST MON NOV 2 2020

...................................

...THE NORFOLK VA CLIMATE SUMMARY FOR THE MONTH OF OCTOBER 2020...

CLIMATE NORMAL PERIOD 1981 TO 2010
CLIMATE RECORD PERIOD 1871 TO 2020

WEATHER         OBSERVED          NORMAL  DEPART  LAST YEAR`S
                 VALUE   DATE(S)  VALUE   FROM    VALUE  DATE(S)
                                          NORMAL
................................................................
TEMPERATURE (F)
RECORD
 HIGH              99   10/06/1941
 LOW               21   10/27/1962
HIGHEST            84   10/29        86      -2       93  10/02
                        10/24
                        10/07
LOWEST             47   10/31        40       7       46  10/19
AVG. MAXIMUM     74.0              70.1     3.9     74.4
AVG. MINIMUM     59.4              54.0     5.4     60.1
MEAN             66.7              62.1     4.6     67.3
DAYS MAX >= 90      0               0.1    -0.1        1
DAYS MAX <= 32      0               0.0     0.0        0
DAYS MIN <= 32      0               0.0     0.0        0
DAYS MIN <= 0       0               0.0     0.0        0

PRECIPITATION (INCHES)
RECORD
 MAXIMUM        10.12   1971
 MINIMUM         0.01   2000
TOTALS           2.58              3.42   -0.84     3.73
DAILY AVG.       0.08              0.11   -0.03     0.12
DAYS >= .01         7               7.6    -0.6        9
DAYS >= .10         7               5.1     1.9        5
DAYS >= .50         2               2.3    -0.3        2
DAYS >= 1.00        0               0.8    -0.8        2
GREATEST
 24 HR. TOTAL    0.64   10/25 TO 10/25

DEGREE_DAYS
HEATING TOTAL      30
 SINCE 7/1         30               157    -127       36
COOLING TOTAL      91                55      36      115
 SINCE 1/1       2082              1620     462     2213
.................................................................

WIND (MPH)
AVERAGE WIND SPEED              7.6
HIGHEST WIND SPEED/DIRECTION    37/200    DATE  10/29
HIGHEST GUST SPEED/DIRECTION    47/200    DATE  10/29

SKY COVER
POSSIBLE SUNSHINE (PERCENT)   MM
AVERAGE SKY COVER           0.40

AVERAGE RH (PERCENT)     75

WEATHER CONDITIONS. NUMBER OF DAYS WITH
THUNDERSTORM              0     MIXED PRECIP               0
HEAVY RAIN                6     RAIN                       6
LIGHT RAIN               10     FREEZING RAIN              0
LT FREEZING RAIN          0     HAIL                       0
HEAVY SNOW                0     SNOW                       0
LIGHT SNOW                0     SLEET                      0
FOG                      16     FOG W/VIS <= 1/4 MILE      5
HAZE                      1

-  INDICATES NEGATIVE NUMBERS.
R  INDICATES RECORD WAS SET OR TIED.
MM INDICATES DATA IS MISSING.
T  INDICATES TRACE AMOUNT.

$$
