717
CXUS51 KBOX 021913
CLMORH


CLIMATE REPORT
NATIONAL WEATHER SERVICE BOSTON/NORTON MA
203 PM EST MON NOV 2 2020

...................................

...THE WORCESTER MA CLIMATE SUMMARY FOR THE MONTH OF OCTOBER 2020...

CLIMATE NORMAL PERIOD 1981 TO 2010
CLIMATE RECORD PERIOD 1892 TO 2020

WEATHER         OBSERVED          NORMAL  DEPART
                 VALUE   DATE(S)  VALUE   FROM
                                          NORMAL
................................................
TEMPERATURE (F)
RECORD
 HIGH              91   10/01/1898
 LOW               19   10/22/1940
                        10/28/1936
                        10/30/1928
HIGHEST            75   10/22
LOWEST             21   10/31
AVG. MAXIMUM     59.4              58.3     1.1
AVG. MINIMUM     43.8              41.7     2.1
MEAN             51.6              50.0     1.6
DAYS MAX >= 90      0               0.0     0.0
DAYS MAX <= 32      0               0.0     0.0
DAYS MIN <= 32      2               3.1    -1.1
DAYS MIN <= 0       0               0.0     0.0

PRECIPITATION (INCHES)
RECORD
 MAXIMUM        15.56   2005
 MINIMUM         0.37   1924
TOTALS           6.01              4.68    1.33
DAYS >= .01        12              10.5     1.5
DAYS >= .10         7               6.7     0.3
DAYS >= .50         4               3.2     0.8
DAYS >= 1.00        2               1.4     0.6
GREATEST
 24 HR. TOTAL    2.40   10/13 TO 10/13

SNOWFALL (INCHES)
RECORDS
 TOTAL           16.0   2011
 SNOW DEPTH         8   10/10/1979
TOTALS            6.2               0.2     6.0
SINCE 7/1         6.2               0.2     6.0
SNOWDEPTH AVG.     MM
GREATEST
 SNOW DEPTH        MM
 24 HR TOTAL      6.2   10/30 TO 10/30

DEGREE_DAYS
HEATING TOTAL     411               468     -57
 SINCE 7/1        530               661    -131
COOLING TOTAL       1                 3      -2
 SINCE 1/1        776               471     305
.................................................

WIND (MPH)
AVERAGE WIND SPEED              8.5
RESULTANT WIND SPEED/DIRECTION   3/259
HIGHEST WIND SPEED/DIRECTION    48/300    DATE  10/07
HIGHEST GUST SPEED/DIRECTION    70/300    DATE  10/07

SKY COVER
POSSIBLE SUNSHINE (PERCENT)   MM
AVERAGE SKY COVER           0.50
NUMBER OF DAYS FAIR           12
NUMBER OF DAYS PC             11
NUMBER OF DAYS CLOUDY          8

AVERAGE RH (PERCENT)     74

WEATHER CONDITIONS. NUMBER OF DAYS WITH
  0
  4
  0
  0
  1
  0
  9
HAZE                      2

-  INDICATES NEGATIVE NUMBERS.
R  INDICATES RECORD WAS SET OR TIED.
MM INDICATES DATA IS MISSING.
T  INDICATES TRACE AMOUNT.

$$
