000
CXUS53 KDDC 021857
CLMP28


CLIMATE REPORT
NATIONAL WEATHER SERVICE DODGE CITY KS
1249 PM CST MON NOV 2 2020

...................................

...THE MEDICINE LODGE KS CLIMATE SUMMARY FOR THE MONTH OF OCTOBER 2020...

CLIMATE NORMAL PERIOD 1981 TO 2010
CLIMATE RECORD PERIOD 1893 TO 2020

WEATHER         OBSERVED          NORMAL  DEPART  LAST YEAR`S
                 VALUE   DATE(S)  VALUE   FROM    VALUE  DATE(S)
                                          NORMAL
................................................................
TEMPERATURE (F)
RECORD
 HIGH             100   10/09/1921
 LOW                9   10/30/1917
HIGHEST            93   10/11        MM      MM       89  10/01
LOWEST             22   10/26        MM      MM       15  10/31
AVG. MAXIMUM     68.1              71.2    -3.1     66.4
AVG. MINIMUM     40.9              46.1    -5.2     39.3
MEAN             54.5              58.6    -4.1     52.9
DAYS MAX >= 90      3               1.1     1.9        0
DAYS MAX <= 32      2               0.0     2.0        0
DAYS MIN <= 32      8               1.9     6.1        8
DAYS MIN <= 0       0               0.0     0.0        0

PRECIPITATION (INCHES)
RECORD
 MAXIMUM         8.88   2018
 MINIMUM         0.00   2001
                        1978
                        1952
TOTALS           3.18              2.84    0.34     1.79
DAYS >= .01         6               7.5    -1.5        6
DAYS >= .10         4               4.0     0.0        2
DAYS >= .50         1               1.7    -0.7        1
DAYS >= 1.00        1               0.7     0.3        1
GREATEST
 24 HR. TOTAL    2.46   10/28 TO 10/29           10/02 TO 10/03

DEGREE_DAYS
HEATING TOTAL     361               235     126      391
 SINCE 7/1        420               269     151      391
COOLING TOTAL      45                38       7       23
 SINCE 1/1       1664              1769    -105     1837
.................................................................

WIND (MPH)
AVERAGE WIND SPEED              9.2
HIGHEST WIND SPEED/DIRECTION    35/350    DATE  10/11
HIGHEST GUST SPEED/DIRECTION    53/320    DATE  10/11



-  INDICATES NEGATIVE NUMBERS.
R  INDICATES RECORD WAS SET OR TIED.
MM INDICATES DATA IS MISSING.
T  INDICATES TRACE AMOUNT.

$$
