000
CXUS53 KDDC 011838
CLMP28

CLIMATE REPORT
NATIONAL WEATHER SERVICE DODGE CITY, KANSAS
138 PM CDT TUE JUN 01 2021

...................................

...THE MEDICINE LODGE KS CLIMATE SUMMARY FOR THE MONTH OF MAY 2021...

CLIMATE NORMAL PERIOD 1991 TO 2020
CLIMATE RECORD PERIOD 1893 TO 2021

WEATHER         OBSERVED          NORMAL  DEPART   LAST YEAR`S
                VALUE   DATE(S)   VALUE   FROM     VALUE DATE(S)
                                          NORMAL
................................................................
TEMPERATURE (F)
RECORD
 HIGH            106   05/31/1953
 LOW              20   05/01/1907
HIGHEST           88   05/08         MM      MM       90  05/23
                                                          05/01
LOWEST            39   05/13         MM      MM       31  05/09
AVG. MAXIMUM    73.8               79.3    -5.5     76.8
AVG. MINIMUM    53.0               54.6    -1.6     52.7
MEAN            63.4               67.0    -3.6     64.8
DAYS MAX >= 90     0                5.7    -5.7        2
DAYS MAX <= 32     0                0.0     0.0        0
DAYS MIN <= 32     0                0.2    -0.2        1
DAYS MIN <= 0      0                0.0     0.0        0

PRECIPITATION (INCHES)
RECORD
 MAXIMUM       12.12   2019
 MINIMUM        0.18   1948
TOTALS          3.79               3.65    0.14     2.21
DAYS >= .01       14                9.0     5.0        9
DAYS >= .10       10                5.6     4.4        6
DAYS >= .50        2                2.5    -0.5        2
DAYS >= 1.00       1                1.0     0.0        0
GREATEST
 24 HR. TOTAL   1.83   05/30 TO 05/31               1.10  05/21 TO 05/22


DEGREE DAYS
HEATING TOTAL    105                 81      24       97
 SINCE 7/1      4435               4385      50     4396
COOLING TOTAL     61                142     -81       99
 SINCE 1/1        76                174     -98      122
................................................................

WIND (MPH)
AVERAGE WIND SPEED              9.4
RESULTANT WIND SPEED/DIRECTION   4/120
HIGHEST WIND SPEED/DIRECTION    46/200    DATE  05/26
HIGHEST GUST SPEED/DIRECTION    64/210    DATE  05/26

AVERAGE RH (PERCENT)     71


-  INDICATES NEGATIVE NUMBERS.
R  INDICATES RECORD WAS SET OR TIED.
MM INDICATES DATA IS MISSING.
T  INDICATES TRACE AMOUNT.

$$
