666
CXUS53 KPAH 011321
CLMPAH

CLIMATE REPORT
NATIONAL WEATHER SERVICE PADUCAH
721 AM CST SUN NOV 01 2020

...................................

...THE PADUCAH KY CLIMATE SUMMARY FOR THE MONTH OF OCTOBER 2020...

CLIMATE NORMAL PERIOD 1981 TO 2010
CLIMATE RECORD PERIOD 1937 TO 2020

WEATHER         OBSERVED          NORMAL  DEPART   LAST YEAR`S
                VALUE   DATE(S)   VALUE   FROM     VALUE DATE(S)
                                          NORMAL
................................................................
TEMPERATURE (F)
RECORD
 HIGH             96   10/02/2019
 LOW              22   10/24/1981
HIGHEST           85   10/11         71      14       96  10/02
LOWEST            34   10/16         47     -13       27  10/31
AVG. MAXIMUM    69.1               71.0    -1.9     71.9
AVG. MINIMUM    46.6               46.7    -0.1     47.0
MEAN            57.9               58.8    -0.9     59.4
DAYS MAX >= 90     0                0.1    -0.1        3
DAYS MAX <= 32     0                0.0     0.0        0
DAYS MIN <= 32     0                2.0    -2.0        1
DAYS MIN <= 0      0                0.0     0.0        0

PRECIPITATION (INCHES)
RECORD
 MAXIMUM       10.55   2009
 MINIMUM           T   1964
TOTALS          8.91               3.96    4.95     6.47
DAILY AVG.      0.29               0.13    0.16     0.21
DAYS >= .01       11                7.8     3.2       10
DAYS >= .10        7                5.5     1.5        8
DAYS >= .50        4                2.5     1.5        4
DAYS >= 1.00       3                1.3     1.7        2
GREATEST
 24 HR. TOTAL   3.95   10/19 TO 10/20
 STORM TOTAL    3.93
 (MM/DD(HH))

SNOWFALL (INCHES)
RECORDS
 TOTAL           2.2   1993
TOTALS           0.0                0.1    -0.1        T
SINCE 7/1        0.0                0.1    -0.1       MM
SNOWDEPTH AVG.     0                                   0
DAYS >= TRACE      0
DAYS >= 1.0        0                0.0     0.0        0
GREATEST
 SNOW DEPTH        0                                   0  MM
 24 HR TOTAL      MM
 STORM TOTAL     0.0
 (MM/DD(HH))

DEGREE DAYS
HEATING TOTAL    251                228      23      227
 SINCE 7/1       271                267       4      227
COOLING TOTAL     38                 38       0       62
 SINCE 1/1      1637               1538      99     1856

FREEZE DATES
RECORD
 EARLIEST     10/01/1984
 LATEST       04/28/1992
EARLIEST                        MM
LATEST                          04/15
................................................................

WIND (MPH)
AVERAGE WIND SPEED              5.3
HIGHEST WIND SPEED/DIRECTION    25/280    DATE  10/23
HIGHEST GUST SPEED/DIRECTION    36/340    DATE  10/23

SKY COVER
POSSIBLE SUNSHINE (PERCENT)   MM
AVERAGE SKY COVER           0.43
NUMBER OF DAYS FAIR           17
NUMBER OF DAYS PC              4
NUMBER OF DAYS CLOUDY         10

AVERAGE RH (PERCENT)     73

WEATHER CONDITIONS. NUMBER OF DAYS WITH
THUNDERSTORM              2     MIXED PRECIP               0
HEAVY RAIN                7     RAIN                       7
LIGHT RAIN               14     FREEZING RAIN              0
LT FREEZING RAIN          0     HAIL                       0
HEAVY SNOW                0     SNOW                       0
LIGHT SNOW                0     SLEET                      0
FOG                      22     FOG W/VIS <= 1/4 MILE      4
HAZE                     10

-  INDICATES NEGATIVE NUMBERS.
R  INDICATES RECORD WAS SET OR TIED.
MM INDICATES DATA IS MISSING.
T  INDICATES TRACE AMOUNT.

REMARKS: 2ND WETTEST
$$
