000
CXUS51 KBTV 011448
CLMPBG

CLIMATE REPORT
NATIONAL WEATHER SERVICE BURLINGTON VT
948 AM EST SUN NOV 01 2020

...................................

...THE PLATTSBURGH NY CLIMATE SUMMARY FOR THE MONTH OF OCTOBER 2020...

CLIMATE NORMAL PERIOD: 1981 TO 2010
CLIMATE RECORD PERIOD: 9999 TO 9999

WEATHER         OBSERVED          NORMAL  DEPART   LAST YEAR`S
                VALUE   DATE(S)   VALUE   FROM     VALUE DATE(S)
                                          NORMAL
................................................................
TEMPERATURE (F)
RECORD
 HIGH             87
 LOW              18
HIGHEST           76   10/15         MM      MM       73  10/01
LOWEST            18R  10/31         MM      MM       MM  10/31
AVG. MAXIMUM    57.4               57.1     0.3     59.6
AVG. MINIMUM    37.9               37.6     0.3     36.6
MEAN            47.7               47.4     0.3     48.1
DAYS MAX >= 90     0                0.0     0.0        0
DAYS MAX <= 32     0                0.0     0.0        0
DAYS MIN <= 32     8                7.5     0.5        7
DAYS MIN <= 0      0                0.0     0.0        0

PRECIPITATION (INCHES)
RECORD
 MAXIMUM        7.24   2005
 MINIMUM        0.27   1963
TOTALS          1.63                 MM      MM     5.80
DAILY AVG.      0.05                NAN     NAN     0.19
DAYS >= .01       11                 MM      MM       11
DAYS >= .10        7                 MM      MM        7
DAYS >= .50        0                 MM      MM        5
DAYS >= 1.00       0                 MM      MM        3
GREATEST
 24 HR. TOTAL   0.29   10/15 TO 10/16               1.69  10/16 TO 10/17
 STORM TOTAL    0.25                                1.46
 (MM/DD(HH))            MM


DEGREE DAYS
HEATING TOTAL    530                548     -18      515
 SINCE 7/1       768                781     -13       MM
COOLING TOTAL      0                  1      -1        0
 SINCE 1/1       531                346     185       MM
................................................................

WIND (MPH)
AVERAGE WIND SPEED              6.0
HIGHEST WIND SPEED/DIRECTION    32/320    DATE  10/07
HIGHEST GUST SPEED/DIRECTION    50/320    DATE  10/07

SKY COVER
POSSIBLE SUNSHINE (PERCENT)   MM
AVERAGE SKY COVER           0.56
NUMBER OF DAYS FAIR           10
NUMBER OF DAYS PC             10
NUMBER OF DAYS CLOUDY         11

AVERAGE RH (PERCENT)     74

WEATHER CONDITIONS. NUMBER OF DAYS WITH
THUNDERSTORM              1     MIXED PRECIP               0
HEAVY RAIN                5     RAIN                       5
LIGHT RAIN               15     FREEZING RAIN              0
LT FREEZING RAIN          0     HAIL                       0
HEAVY SNOW                0     SNOW                       0
LIGHT SNOW                0     SLEET                      0
FOG                      18     FOG W/VIS <= 1/4 MILE      2
HAZE                      1

-  INDICATES NEGATIVE NUMBERS.
R  INDICATES RECORD WAS SET OR TIED.
MM INDICATES DATA IS MISSING.
T  INDICATES TRACE AMOUNT.

$$
