215
CXUS52 KMFL 011506
CLMPBI


CLIMATE REPORT
NATIONAL WEATHER SERVICE MIAMI, FL
1000 AM EST SUN NOV 1 2020

...................................

...THE WEST PALM BEACH CLIMATE SUMMARY FOR THE MONTH OF OCTOBER 2020...

CLIMATE NORMAL PERIOD 1981 TO 2010
CLIMATE RECORD PERIOD 1888 TO 2020

WEATHER         OBSERVED          NORMAL  DEPART  LAST YEAR`S
                 VALUE   DATE(S)  VALUE   FROM    VALUE
                                          NORMAL
.............................................................
TEMPERATURE (F)
RECORD
 HIGH              95   10/02/1989
                        10/02/1959
                        10/08/1941
 LOW               46   10/30/1968
HIGHEST            90   10/11                         90
LOWEST             70   10/19                         72
AVG. MAXIMUM     85.8              84.9     0.9     87.1
AVG. MINIMUM     75.7              71.7     4.0     76.5
MEAN             80.8              78.3     2.5     81.8
DAYS MAX >= 90      1                                  2
DAYS MAX <= 32      0                                  0
DAYS MIN <= 32      0                                  0
DAYS MIN <= 0       0                                  0

PRECIPITATION (INCHES)
RECORD
 MAXIMUM        27.81   1910
 MINIMUM         0.56   1997
TOTALS          14.73              5.13    9.60     5.40
DAILY AVG.       0.48              0.17    0.31     0.17
DAYS >= .01        22                                 17
DAYS >= .10        15                                  7
DAYS >= .50         8                                  5
DAYS >= 1.00        5                                  1
GREATEST
 24 HR. TOTAL    3.58   10/01 TO 10/01              1.78

DEGREE_DAYS
HEATING TOTAL       0                 1      -1        0
 SINCE 7/1          0                 1      -1        0
COOLING TOTAL     495               413      82      525
 SINCE 1/1       4501              3621     880     4234
..............................................................

WIND (MPH)
AVERAGE WIND SPEED              10.1
HIGHEST WIND SPEED/DIRECTION    37/110    DATE  10/19
HIGHEST GUST SPEED/DIRECTION    44/110    DATE  10/19

SKY COVER
POSSIBLE SUNSHINE (PERCENT)   MM
AVERAGE SKY COVER           0.60
NUMBER OF DAYS FAIR            2
NUMBER OF DAYS PC             22
NUMBER OF DAYS CLOUDY          7

AVERAGE RH (PERCENT)     80

WEATHER CONDITIONS. NUMBER OF DAYS WITH
THUNDERSTORM             13     MIXED PRECIP                0
HEAVY RAIN               10     RAIN                       11
LIGHT RAIN               21     FREEZING RAIN               0
LT FREEZING RAIN          0     HAIL                        0
HEAVY SNOW                0     SNOW                        0
LIGHT SNOW                0     SLEET                       0
FOG                      17     FOG W/VIS <= 1/4 MILE       0
HAZE                      0

-  INDICATES NEGATIVE NUMBERS.
R  INDICATES RECORD WAS SET OR TIED.
MM INDICATES DATA IS MISSING.
T  INDICATES TRACE AMOUNT.

$$
