000
CXUS56 KPDT 020107
CLMPDT

CLIMATE REPORT
NATIONAL WEATHER SERVICE PENDLETON OR
507 PM PST TUE DEC 01 2020

...................................

...THE PENDLETON OR CLIMATE SUMMARY FOR THE MONTH OF NOVEMBER 2020...

CLIMATE NORMAL PERIOD 1981 TO 2010
CLIMATE RECORD PERIOD 1890 TO 2020

WEATHER         OBSERVED          NORMAL  DEPART   LAST YEAR`S
                VALUE   DATE(S)   VALUE   FROM     VALUE DATE(S)
                                          NORMAL
................................................................
TEMPERATURE (F)
RECORD
 HIGH             80   11/12/1999
 LOW             -12   11/23/1985
HIGHEST           72   11/04         53      19       63  11/05
                                                          11/17
LOWEST            20   11/09         19       1       12  11/30
AVG. MAXIMUM    50.7               49.2     1.5     49.9
AVG. MINIMUM    32.7               33.4    -0.7     29.3
MEAN            41.7               41.3     0.4     39.6
DAYS MAX >= 90     0                0.0     0.0        0
DAYS MAX <= 32     0                1.5    -1.5        2
DAYS MIN <= 32    17               11.6     5.4       21
DAYS MIN <= 0      0                0.2    -0.2        0

PRECIPITATION (INCHES)
RECORD
 MAXIMUM        2.43   2020
 MINIMUM        0.26   2019
TOTALS          2.43R              1.52    0.91     0.26
DAILY AVG.      0.08               0.05    0.03     0.01
DAYS >= .01       14               12.3     1.7        6
DAYS >= .10        6                4.6     1.4        0
DAYS >= .50        2                0.5     1.5        0
DAYS >= 1.00       1                0.1     0.9        0
GREATEST
 24 HR. TOTAL   1.54   11/05 TO 11/06               0.12  11/18 TO 11/19
 STORM TOTAL    1.02                                0.08
 (MM/DD(HH))            MM

SNOWFALL (INCHES)
RECORDS
 TOTAL             T   2009
 24 HR TOTAL     5.7
TOTALS           1.2R               1.4    -0.2
SINCE 7/1        1.2                1.5    -0.3       MM
DAYS >= TRACE      4                1.4     2.6        0
DAYS >= 1.0        0                0.4    -0.4        0
GREATEST
 24 HR TOTAL     1.2
 STORM TOTAL     0.8                                 0.0
 (MM/DD(HH))            MM

DEGREE DAYS
HEATING TOTAL    693                711     -18      730
 SINCE 7/1      1084               1252    -168       MM
COOLING TOTAL      0                  0       0        0
 SINCE 1/1       751                636     115       MM
................................................................

WIND (MPH)
AVERAGE WIND SPEED              8.8
RESULTANT WIND SPEED/DIRECTION   4/240
HIGHEST WIND SPEED/DIRECTION    40/250    DATE  11/13
HIGHEST GUST SPEED/DIRECTION    49/250    DATE  11/13
                                49/280          11/18

SKY COVER
POSSIBLE SUNSHINE (PERCENT)   MM
AVERAGE SKY COVER           0.45
NUMBER OF DAYS FAIR           11
NUMBER OF DAYS PC             15
NUMBER OF DAYS CLOUDY          4

AVERAGE RH (PERCENT)     74

WEATHER CONDITIONS. NUMBER OF DAYS WITH
THUNDERSTORM              0     MIXED PRECIP               0
HEAVY RAIN                0     RAIN                       4
LIGHT RAIN               15     FREEZING RAIN              0
LT FREEZING RAIN          2     HAIL                       0
HEAVY SNOW                0     SNOW                       1
LIGHT SNOW                4     SLEET                      0
FOG                      16     FOG W/VIS <= 1/4 MILE      8
HAZE                      8

-  INDICATES NEGATIVE NUMBERS.
R  INDICATES RECORD WAS SET OR TIED.
MM INDICATES DATA IS MISSING.
T  INDICATES TRACE AMOUNT.

$$
