309
CXUS51 KPHI 011404
CLMPHL

CLIMATE REPORT
NATIONAL WEATHER SERVICE MOUNT HOLLY NJ
904 AM EST SUN NOV 01 2020

...................................

...THE PHILADELPHIA PA CLIMATE SUMMARY FOR THE MONTH OF OCTOBER 2020...

CLIMATE NORMAL PERIOD: 1981 TO 2010
CLIMATE RECORD PERIOD: 1872 TO 2020

WEATHER         OBSERVED          NORMAL  DEPART   LAST YEAR`S
                VALUE   DATE(S)   VALUE   FROM     VALUE DATE(S)
                                          NORMAL
................................................................
TEMPERATURE (F)
RECORD
 HIGH             96   10/05/1941
 LOW              25   10/24/1969
                       10/25/1962
HIGHEST           79                 82      -3       95
LOWEST            34                 34       0       41
AVG. MAXIMUM    67.7               66.6     1.1     69.3
AVG. MINIMUM    51.5               48.4     3.1     53.2
MEAN            59.6               57.5     2.1     61.2
DAYS MAX >= 90     0                0.0     0.0        1
DAYS MAX <= 32     0                0.0     0.0        0
DAYS MIN <= 32     0                0.3    -0.3        0
DAYS MIN <= 0      0                0.0     0.0        0

PRECIPITATION (INCHES)
RECORD
 MAXIMUM        8.68   2005
 MINIMUM        0.09   1963
TOTALS          4.09               3.18    0.91     3.87
DAILY AVG.      0.13               0.10    0.03     0.12
DAYS >= .01       12                8.6     3.4       12
DAYS >= .10        4                5.2    -1.2        7
DAYS >= .50        3                2.3     0.7        5
DAYS >= 1.00       2                0.7     1.3        1
GREATEST
 24 HR. TOTAL   1.79   10/29 TO 10/30               1.14

SNOWFALL (INCHES)
RECORDS
 TOTAL            MM   5
 24 HR TOTAL      MM
TOTALS           0.0                0.0     0.0      0.0
SINCE 7/1        0.0                0.0     0.0       MM
SNOWDEPTH AVG.     0                                   0
DAYS >= 1.0        0                0.0     0.0        0
GREATEST
 SNOW DEPTH        0                                   0  MM
 24 HR TOTAL      MM                                 0.0

DEGREE DAYS
HEATING TOTAL    177                255     -78      150
 SINCE 7/1       214                291     -77      152
COOLING TOTAL     16                 22      -6       40
 SINCE 1/1      1520               1300     220     1610
................................................................

WIND (MPH)
AVERAGE WIND SPEED              7.7
HIGHEST WIND SPEED/DIRECTION    28/240    DATE  10/07
                                28/050          10/29
HIGHEST GUST SPEED/DIRECTION    35/230    DATE  10/07

SKY COVER
POSSIBLE SUNSHINE (PERCENT)   MM
AVERAGE SKY COVER           0.64
NUMBER OF DAYS FAIR            7
NUMBER OF DAYS PC             10
NUMBER OF DAYS CLOUDY         14

AVERAGE RH (PERCENT)     72

WEATHER CONDITIONS. NUMBER OF DAYS WITH
THUNDERSTORM              0     MIXED PRECIP               0
HEAVY RAIN                3     RAIN                       4
LIGHT RAIN               16     FREEZING RAIN              0
LT FREEZING RAIN          0     HEAVY SNOW                 0
SNOW                      0     LIGHT SNOW                 0
SLEET                     0     FOG                       13
FOG W/VIS <= 1/4 MILE     4     HAZE                       1

-  INDICATES NEGATIVE NUMBERS.
R  INDICATES RECORD WAS SET OR TIED.
MM INDICATES DATA IS MISSING.
T  INDICATES TRACE AMOUNT.

$$
