098
CXUS53 KUNR 011630
CLMPHP

CLIMATE REPORT
NATIONAL WEATHER SERVICE RAPID CITY SD
930 AM MST SUN NOV 01 2020

...................................

...THE PHILIP SD CLIMATE SUMMARY FOR THE MONTH OF OCTOBER 2020...

CLIMATE NORMAL PERIOD 1981 TO 2010
CLIMATE RECORD PERIOD 9999 TO 9999

WEATHER         OBSERVED          NORMAL  DEPART   LAST YEAR`S
                VALUE   DATE(S)   VALUE   FROM     VALUE DATE(S)
                                          NORMAL
................................................................
TEMPERATURE (F)
HIGHEST           88   10/08                          83  10/08
LOWEST            -7R  10/26                           6  10/30
AVG. MAXIMUM    55.3               63.0    -7.7     53.5
AVG. MINIMUM    28.1               33.9    -5.8     26.8
MEAN            41.7               48.4    -6.7     40.2
DAYS MAX >= 90     0                                   0
DAYS MAX <= 32     5                                   1
DAYS MIN <= 32    19                                  22
DAYS MIN <= 0      1                                   0

PRECIPITATION (INCHES)
TOTALS          1.27               1.43   -0.16     1.13
DAILY AVG.      0.04               0.05   -0.01     0.04
DAYS >= .01        8                                  11
DAYS >= .10        4                                   3
DAYS >= .50        0                                   0
DAYS >= 1.00       0                                   0
GREATEST
 24 HR. TOTAL   0.44   10/21 TO 10/22               0.32


DEGREE DAYS
HEATING TOTAL    717                517     200      764
 SINCE 7/1       868                703     165      882
COOLING TOTAL      1                  4      -3        0
 SINCE 1/1       912                818      94      669
................................................................

WIND (MPH)
AVERAGE WIND SPEED              10.3
HIGHEST WIND SPEED/DIRECTION    43/320    DATE  10/11
HIGHEST GUST SPEED/DIRECTION    54/320    DATE  10/11

AVERAGE RH (PERCENT)     65

WEATHER CONDITIONS. NUMBER OF DAYS WITH
THUNDERSTORM              0     MIXED PRECIP               0
HEAVY RAIN                0     RAIN                       1
LIGHT RAIN                8     FREEZING RAIN              0
LT FREEZING RAIN          2     HAIL                       0
HEAVY SNOW                0     SNOW                       2
LIGHT SNOW                7     SLEET                      0
FOG                      11     FOG W/VIS <= 1/4 MILE      1
HAZE                      5

-  INDICATES NEGATIVE NUMBERS.
R  INDICATES RECORD WAS SET OR TIED.
MM INDICATES DATA IS MISSING.
T  INDICATES TRACE AMOUNT.

$$
