000
CXUS53 KUNR 011539
CLMPHP

CLIMATE REPORT
NATIONAL WEATHER SERVICE RAPID CITY SD
939 AM MDT TUE JUN 01 2021

...................................

...THE PHILIP SD CLIMATE SUMMARY FOR THE MONTH OF MAY 2021...

CLIMATE NORMAL PERIOD 1991 TO 2020
CLIMATE RECORD PERIOD 9999 TO 9999

WEATHER         OBSERVED          NORMAL  DEPART   LAST YEAR`S
                VALUE   DATE(S)   VALUE   FROM     VALUE DATE(S)
                                          NORMAL
................................................................
TEMPERATURE (F)
HIGHEST           86   05/01                          86  05/31
                       05/19
                       05/20
                                                          05/22
LOWEST            23   05/11                          22  05/09
AVG. MAXIMUM    69.0               70.0    -1.0     68.6
AVG. MINIMUM    38.9               43.3    -4.4     41.1
MEAN            54.0               56.6    -2.6     54.8
DAYS MAX >= 90     0                                   0
DAYS MAX <= 32     0                                   0
DAYS MIN <= 32     9                                   5
DAYS MIN <= 0      0                                   0

PRECIPITATION (INCHES)
TOTALS          1.50               2.96   -1.46     1.75
DAILY AVG.      0.05               0.10   -0.05     0.06
DAYS >= .01       12                                   9
DAYS >= .10        3                                   5
DAYS >= .50        1                                   1
DAYS >= 1.00       0                                   1
GREATEST
 24 HR. TOTAL   0.66   05/21 TO 05/22               1.00


DEGREE DAYS
HEATING TOTAL    345                284      61      324
 SINCE 7/1      6886               7072    -186     7165
COOLING TOTAL     12                 25     -13       19
 SINCE 1/1        12                 26     -14       19
................................................................

WIND (MPH)
AVERAGE WIND SPEED              9.9
HIGHEST WIND SPEED/DIRECTION    37/270    DATE  05/21
HIGHEST GUST SPEED/DIRECTION    49/250    DATE  05/21
                                49/270          05/23

AVERAGE RH (PERCENT)     67

WEATHER CONDITIONS. NUMBER OF DAYS WITH
THUNDERSTORM              6     MIXED PRECIP               0
HEAVY RAIN                1     RAIN                       3
LIGHT RAIN               14     FREEZING RAIN              0
LT FREEZING RAIN          0     HAIL                       0
HEAVY SNOW                0     SNOW                       0
LIGHT SNOW                0     SLEET                      0
FOG                      12     FOG W/VIS <= 1/4 MILE      1
HAZE                      0

-  INDICATES NEGATIVE NUMBERS.
R  INDICATES RECORD WAS SET OR TIED.
MM INDICATES DATA IS MISSING.
T  INDICATES TRACE AMOUNT.

$$
