000
CXUS55 KPSR 011030
CLMPHX

CLIMATE REPORT
NATIONAL WEATHER SERVICE PHOENIX AZ
330 AM MST TUE DEC 01 2020

...................................

...THE PHOENIX AZ CLIMATE SUMMARY FOR THE MONTH OF NOVEMBER 2020...

CLIMATE NORMAL PERIOD 1981 TO 2010
CLIMATE RECORD PERIOD 1895 TO 2020

WEATHER         OBSERVED          NORMAL  DEPART   LAST YEAR`S
                VALUE   DATE(S)   VALUE   FROM     VALUE
                                          NORMAL
..............................................................
TEMPERATURE (F)
RECORD
 HIGH             99   11/05/2020
 LOW              27   11/23/1931
HIGHEST           99R  11/05         88      11
LOWEST            44   11/11         41       3
                       11/28
                       11/29
AVG. MAXIMUM    80.5               75.5     5.0
AVG. MINIMUM    55.0               52.7     2.3
MEAN            67.8               64.1     3.7
DAYS MAX >= 90     7                1.0     6.0
DAYS MAX >= 100    0
DAYS MAX >= 110    0
DAYS MIN <= 32     0                0.0     0.0
DAYS MIN >= 90     0

PRECIPITATION (INCHES)
RECORD
 MAXIMUM        3.61   1905
 MINIMUM        0.00   2014
TOTALS             T               0.65   -0.65
DAYS >= .01        0                2.6    -2.6
DAYS >= .10        0                1.4    -1.4
DAYS >= .50        0                0.4    -0.4
DAYS >= 1.00       0                0.1    -0.1
GREATEST
 24 HR. TOTAL      T   11/09 TO 11/09
                       11/07 TO 11/07
                       11/09 TO 11/09


DEGREE DAYS
HEATING TOTAL     76                 97     -21
 SINCE 7/1        89                104     -15
COOLING TOTAL    166                 70      96
 SINCE 1/1      5416               4606     810
..............................................................

WIND (MPH)
AVERAGE WIND SPEED              4.7
HIGHEST GUST SPEED/DIRECTION    37/270    DATE  11/07

AVERAGE RH (PERCENT)     29

WEATHER CONDITIONS. NUMBER OF DAYS WITH
THUNDERSTORM              0     HEAVY RAIN                 0
RAIN                      0     LIGHT RAIN                 2
FOG W/VIS <= 1/4 MILE     0

-  INDICATES NEGATIVE NUMBERS.
R  INDICATES RECORD WAS SET OR TIED.
MM INDICATES DATA IS MISSING.
T  INDICATES TRACE AMOUNT.

$$
