000
CXUS51 KPBZ 011435
CLMPIT

CLIMATE REPORT
NATIONAL WEATHER SERVICE PITTSBURGH PA
935 AM EST SUN NOV 01 2020

...................................

...THE PITTSBURGH PA CLIMATE SUMMARY FOR THE MONTH OF OCTOBER 2020...

CLIMATE NORMAL PERIOD 1981 TO 2010
CLIMATE RECORD PERIOD 1871 TO 2020

WEATHER         OBSERVED          NORMAL  DEPART   LAST YEAR`S
                VALUE   DATE(S)   VALUE   FROM     VALUE DATE(S)
                                          NORMAL
................................................................
TEMPERATURE (F)
RECORD
 HIGH             91   10/03/1884
                       10/05/1879
 LOW              16   10/29/1965
HIGHEST           79   10/22         79       0       89  10/03
LOWEST            27   10/31         29      -2       32  10/19
AVG. MAXIMUM    63.0               62.6     0.4     66.6
AVG. MINIMUM    44.9               42.9     2.0     45.7
MEAN            54.0               52.7     1.3     56.2
DAYS MAX >= 90     0                0.0     0.0        0
DAYS MAX <= 32     0                0.0     0.0        0
DAYS MIN <= 32     3                2.6     0.4        1
DAYS MIN <= 0      0                0.0     0.0        0

PRECIPITATION (INCHES)
RECORD
 MAXIMUM        8.20   1954
 MINIMUM        0.06   1874
TOTALS          3.29               2.29    1.00     7.19
DAILY AVG.      0.11               0.07    0.04     0.23
DAYS >= .01       14               10.5     3.5       11
DAYS >= .10       11                5.9     5.1        9
DAYS >= .50        1                1.4    -0.4        6
DAYS >= 1.00       1                0.2     0.8        3
GREATEST
 24 HR. TOTAL   1.15   10/29 TO 10/30               2.57

SNOWFALL (INCHES)
RECORDS
 TOTAL           6.6   1993
 24 HR TOTAL     6.6   10/31/2020 TO 10/31/1993
TOTALS           0.0                0.4    -0.4        T
SINCE 7/1        0.0                0.4    -0.4       MM
SNOWDEPTH AVG.     0                                   0
DAYS >= TRACE      0                0.0     0.0        1
DAYS >= 1.0        0                0.0     0.0        0
GREATEST
 24 HR TOTAL     0.0                                  MM

DEGREE DAYS
HEATING TOTAL    341                387     -46      303
 SINCE 7/1       433                503     -70       MM
COOLING TOTAL      8                  8       0       37
 SINCE 1/1       984                736     248       MM
................................................................

WIND (MPH)
AVERAGE WIND SPEED              6.3
HIGHEST WIND SPEED/DIRECTION    30/290    DATE  10/07
HIGHEST GUST SPEED/DIRECTION    39/290    DATE  10/07

SKY COVER
AVERAGE SKY COVER           0.66

AVERAGE RH (PERCENT)     72

WEATHER CONDITIONS. NUMBER OF DAYS WITH
THUNDERSTORM              3     MIXED PRECIP               0
HEAVY RAIN                1     RAIN                       4
LIGHT RAIN               16     FREEZING RAIN              0
LT FREEZING RAIN          0     HAIL                       0
HEAVY SNOW                0     SNOW                       0
LIGHT SNOW                0     SLEET                      0
FOG                      19     FOG W/VIS <= 1/4 MILE      1
HAZE                     MM

-  INDICATES NEGATIVE NUMBERS.
R  INDICATES RECORD WAS SET OR TIED.
MM INDICATES DATA IS MISSING.
T  INDICATES TRACE AMOUNT.

$$
