000
CXUS51 KRLX 010841
CLMPKB

CLIMATE REPORT
NATIONAL WEATHER SERVICE CHARLESTON WV
341 AM EST SUN NOV 01 2020

...................................

...THE PARKERSBURG WV CLIMATE SUMMARY FOR THE MONTH OF OCTOBER 2020...

CLIMATE NORMAL PERIOD: 1981 TO 2010
CLIMATE RECORD PERIOD: 1926 TO 2020

WEATHER         OBSERVED          NORMAL  DEPART   LAST YEAR`S
                VALUE   DATE(S)   VALUE   FROM     VALUE
                                          NORMAL
..............................................................
TEMPERATURE (F)
RECORD
 HIGH             96   10/03/2019
 LOW              20   10/30/1895
HIGHEST           82   10/22                          96
LOWEST            29   10/17                          33
AVG. MAXIMUM    66.6               66.5     0.1     71.8
AVG. MINIMUM    45.8               44.1     1.7     46.3
MEAN            56.2               55.3     0.9     59.0
DAYS MAX >= 90     0                0.1    -0.1        3
DAYS MAX <= 32     0                0.0     0.0        0
DAYS MAX >= 80     3                                  MM
DAYS MAX >= 100    0                                  MM
DAYS MIN <= 32     2                3.0    -1.0        0
DAYS MIN <= 0      0                0.0     0.0        0
DAYS MIN <= 10     0                                  MM

PRECIPITATION (INCHES)
RECORD
 MAXIMUM        7.89   1970
 MINIMUM        0.07   1897
TOTALS          3.27               2.86    0.41     5.76
DAILY AVG.      0.11               0.09    0.02     0.19
DAYS >= .01       16               10.1     5.9       10
DAYS >= .10        7                6.3     0.7        8
DAYS >= .50        1                2.2    -1.2        6
DAYS >= 1.00       1                0.6     0.4        2
GREATEST
 24 HR. TOTAL   2.00   10/28 TO 10/29               1.44


DEGREE DAYS
HEATING TOTAL    278                318     -40      221
 SINCE 7/1       350                393     -43      221
COOLING TOTAL     14                 17      -3       49
 SINCE 1/1      1181                953     228     1255

FREEZE DATES
RECORD
 EARLIEST     MM
 LATEST       MM
EARLIEST      10/17             MM
LATEST                          05/09
..............................................................

WIND (MPH)
AVERAGE WIND SPEED              4.1
HIGHEST WIND SPEED/DIRECTION    24/310    DATE  10/04
HIGHEST GUST SPEED/DIRECTION    41/320    DATE  10/04

SKY COVER
POSSIBLE SUNSHINE (PERCENT)   MM
AVERAGE SKY COVER           0.56
NUMBER OF DAYS FAIR            9
NUMBER OF DAYS PC             10
NUMBER OF DAYS CLOUDY         12

AVERAGE RH (PERCENT)     73

WEATHER CONDITIONS. NUMBER OF DAYS WITH
THUNDERSTORM              0     MIXED PRECIP               0
HEAVY RAIN                1     RAIN                       5
LIGHT RAIN               18     FREEZING RAIN              0
LT FREEZING RAIN          0     HAIL                       0
HEAVY SNOW                0     SNOW                       0
LIGHT SNOW                0     SLEET                      0
FOG                      24     FOG W/VIS <= 1/4 MILE      9
HAZE                      1

-  INDICATES NEGATIVE NUMBERS.
R  INDICATES RECORD WAS SET OR TIED.
MM INDICATES DATA IS MISSING.
T  INDICATES TRACE AMOUNT.

$$
